{"id":49487,"date":"2025-01-17T09:11:59","date_gmt":"2025-01-17T09:11:59","guid":{"rendered":"https:\/\/unhz.eu\/fakulteti-juridik\/?page_id=49487"},"modified":"2025-09-10T08:10:17","modified_gmt":"2025-09-10T08:10:17","slug":"stafi","status":"publish","type":"page","link":"https:\/\/unhz.eu\/fakulteti-juridik\/stafi\/","title":{"rendered":"Stafi"},"content":{"rendered":"\n<p>Fakulteti Juridik i Universitetit &#8220;Haxhi Zeka&#8221; p\u00ebrb\u00ebhet nga nj\u00eb staf i p\u00ebrkushtuar, i cili \u00ebsht\u00eb i ndar\u00eb n\u00eb tri kategori kryesore: Dekanati, personeli akademik dhe stafi administrativ.<\/p>\n\n\n\n<p><strong>Dekanati:<\/strong><br>Dekanati p\u00ebrb\u00ebn organin udh\u00ebheq\u00ebs t\u00eb Fakultetit Juridik, i cili p\u00ebrfshin Dekanin dhe Prodekan\u00ebt. Ky ekip udh\u00ebheq\u00ebs \u00ebsht\u00eb p\u00ebrgjegj\u00ebs p\u00ebr drejtimin strategjik t\u00eb fakultetit, sigurimin e cil\u00ebsis\u00eb akademike dhe mb\u00ebshtetjen e zhvillimit profesional t\u00eb student\u00ebve dhe stafit.<\/p>\n\n\n\n<p><strong>Personeli Akademik:<\/strong><br>Personeli akademik p\u00ebrb\u00ebhet nga profesor\u00eb t\u00eb specializuar dhe asistent\u00eb, t\u00eb cil\u00ebt sjellin ekspertiz\u00eb t\u00eb gjer\u00eb n\u00eb fusha t\u00eb ndryshme t\u00eb s\u00eb drejt\u00ebs, duke p\u00ebrfshir\u00eb t\u00eb drejt\u00ebn civile, penale, nd\u00ebrkomb\u00ebtare dhe administrative. Ata jan\u00eb t\u00eb angazhuar n\u00eb m\u00ebsimdh\u00ebnie, hulumtime shkencore dhe mentorim t\u00eb student\u00ebve.<\/p>\n\n\n\n<p><strong>Stafi Administrativ:<\/strong><br>Stafi administrativ siguron funksionimin efikas t\u00eb fakultetit p\u00ebrmes menaxhimit t\u00eb proceseve administrative, sh\u00ebrbimeve p\u00ebr student\u00ebt dhe mb\u00ebshtetjes teknike p\u00ebr stafin akademik. Ky ekip \u00ebsht\u00eb nj\u00eb hallk\u00eb e r\u00ebnd\u00ebsishme p\u00ebr ofrimin e nj\u00eb p\u00ebrvoje cil\u00ebsore p\u00ebr t\u00eb gjith\u00eb an\u00ebtar\u00ebt e komunitetit akademik.<\/p>\n\n\n\n<p>Me p\u00ebrkushtimin dhe profesionalizmin e tij, stafi i Fakultetit Juridik n\u00eb Universitetin &#8220;Haxhi Zeka&#8221; synon t\u00eb ofroj\u00eb nj\u00eb ambient akademik frym\u00ebzues, duke u p\u00ebrqendruar n\u00eb edukimin e brezave t\u00eb rinj t\u00eb jurist\u00ebve dhe kontribuimin n\u00eb zhvillimin e drejt\u00ebsis\u00eb n\u00eb vend.<\/p>\n","protected":false},"excerpt":{"rendered":"<p>Fakulteti Juridik i Universitetit &#8220;Haxhi Zeka&#8221; p\u00ebrb\u00ebhet nga nj\u00eb staf i p\u00ebrkushtuar, i cili \u00ebsht\u00eb i ndar\u00eb n\u00eb tri kategori kryesore: Dekanati, personeli akademik dhe stafi administrativ. Dekanati:Dekanati p\u00ebrb\u00ebn organin&hellip;<\/p>\n","protected":false},"author":1,"featured_media":0,"parent":0,"menu_order":0,"comment_status":"closed","ping_status":"closed","template":"","meta":{"footnotes":""},"class_list":["post-49487","page","type-page","status-publish","hentry"],"yoast_head":"<!-- This site is optimized with the Yoast SEO Premium plugin v27.2 (Yoast SEO v27.2) - https:\/\/yoast.com\/product\/yoast-seo-premium-wordpress\/ -->\n<title>Stafi \u2013 Fakulteti Juridik<\/title>\n<meta name=\"description\" content=\"Zona e stafit t\u00eb Fakultetit Juridik n\u00eb UHZ p\u00ebrfshin Dekanatin, Personelin Akademik dhe Administrativ\u2014t\u00eb p\u00ebrkushtuar n\u00eb m\u00ebsimdh\u00ebnie, hulumtime dhe mb\u00ebshtetje institucionale.\u201d\" \/>\n<meta name=\"robots\" content=\"index, follow, max-snippet:-1, max-image-preview:large, max-video-preview:-1\" \/>\n<link rel=\"canonical\" href=\"https:\/\/unhz.eu\/fakulteti-juridik\/stafi\/\" \/>\n<meta property=\"og:locale\" content=\"sq_AL\" \/>\n<meta property=\"og:type\" content=\"article\" \/>\n<meta property=\"og:title\" content=\"Stafi\" \/>\n<meta property=\"og:description\" content=\"Zona e stafit t\u00eb Fakultetit Juridik n\u00eb UHZ p\u00ebrfshin Dekanatin, Personelin Akademik dhe Administrativ\u2014t\u00eb p\u00ebrkushtuar n\u00eb m\u00ebsimdh\u00ebnie, hulumtime dhe mb\u00ebshtetje institucionale.\u201d\" \/>\n<meta property=\"og:url\" content=\"https:\/\/unhz.eu\/fakulteti-juridik\/stafi\/\" \/>\n<meta property=\"og:site_name\" content=\"Fakulteti Juridik\" \/>\n<meta property=\"article:modified_time\" content=\"2025-09-10T08:10:17+00:00\" \/>\n<meta name=\"twitter:card\" content=\"summary_large_image\" \/>\n<meta name=\"twitter:label1\" content=\"Est. reading time\" \/>\n\t<meta name=\"twitter:data1\" content=\"1 minut\u00eb\" \/>\n<script type=\"application\/ld+json\" class=\"yoast-schema-graph\">{\"@context\":\"https:\/\/schema.org\",\"@graph\":[{\"@type\":\"WebPage\",\"@id\":\"https:\/\/unhz.eu\/fakulteti-juridik\/stafi\/\",\"url\":\"https:\/\/unhz.eu\/fakulteti-juridik\/stafi\/\",\"name\":\"Stafi \u2013 Fakulteti Juridik\",\"isPartOf\":{\"@id\":\"https:\/\/unhz.eu\/fakulteti-juridik\/#website\"},\"datePublished\":\"2025-01-17T09:11:59+00:00\",\"dateModified\":\"2025-09-10T08:10:17+00:00\",\"description\":\"Zona e stafit t\u00eb Fakultetit Juridik n\u00eb UHZ p\u00ebrfshin Dekanatin, Personelin Akademik dhe Administrativ\u2014t\u00eb p\u00ebrkushtuar n\u00eb m\u00ebsimdh\u00ebnie, hulumtime dhe mb\u00ebshtetje institucionale.\u201d\",\"breadcrumb\":{\"@id\":\"https:\/\/unhz.eu\/fakulteti-juridik\/stafi\/#breadcrumb\"},\"inLanguage\":\"sq\",\"potentialAction\":[{\"@type\":\"ReadAction\",\"target\":[\"https:\/\/unhz.eu\/fakulteti-juridik\/stafi\/\"]}]},{\"@type\":\"BreadcrumbList\",\"@id\":\"https:\/\/unhz.eu\/fakulteti-juridik\/stafi\/#breadcrumb\",\"itemListElement\":[{\"@type\":\"ListItem\",\"position\":1,\"name\":\"Home\",\"item\":\"https:\/\/unhz.eu\/fakulteti-juridik\/\"},{\"@type\":\"ListItem\",\"position\":2,\"name\":\"Stafi\"}]},{\"@type\":\"WebSite\",\"@id\":\"https:\/\/unhz.eu\/fakulteti-juridik\/#website\",\"url\":\"https:\/\/unhz.eu\/fakulteti-juridik\/\",\"name\":\"Fakulteti Juridik\",\"description\":\"I dedikuar p\u00ebr cil\u00ebsi standarde dhe suksese\",\"publisher\":{\"@id\":\"https:\/\/unhz.eu\/fakulteti-juridik\/#organization\"},\"potentialAction\":[{\"@type\":\"SearchAction\",\"target\":{\"@type\":\"EntryPoint\",\"urlTemplate\":\"https:\/\/unhz.eu\/fakulteti-juridik\/?s={search_term_string}\"},\"query-input\":{\"@type\":\"PropertyValueSpecification\",\"valueRequired\":true,\"valueName\":\"search_term_string\"}}],\"inLanguage\":\"sq\"},{\"@type\":\"Organization\",\"@id\":\"https:\/\/unhz.eu\/fakulteti-juridik\/#organization\",\"name\":\"Fakulteti Juridik\",\"url\":\"https:\/\/unhz.eu\/fakulteti-juridik\/\",\"logo\":{\"@type\":\"ImageObject\",\"inLanguage\":\"sq\",\"@id\":\"https:\/\/unhz.eu\/fakulteti-juridik\/#\/schema\/logo\/image\/\",\"url\":\"https:\/\/unhz.eu\/fakulteti-juridik\/wp-content\/uploads\/sites\/9\/2024\/02\/cropped-logo-1-1-e1713527702695.png\",\"contentUrl\":\"https:\/\/unhz.eu\/fakulteti-juridik\/wp-content\/uploads\/sites\/9\/2024\/02\/cropped-logo-1-1-e1713527702695.png\",\"width\":100,\"height\":100,\"caption\":\"Fakulteti Juridik\"},\"image\":{\"@id\":\"https:\/\/unhz.eu\/fakulteti-juridik\/#\/schema\/logo\/image\/\"}}]}<\/script>\n<!-- \/ Yoast SEO Premium plugin. -->","yoast_head_json":{"title":"Stafi \u2013 Fakulteti Juridik","description":"Zona e stafit t\u00eb Fakultetit Juridik n\u00eb UHZ p\u00ebrfshin Dekanatin, Personelin Akademik dhe Administrativ\u2014t\u00eb p\u00ebrkushtuar n\u00eb m\u00ebsimdh\u00ebnie, hulumtime dhe mb\u00ebshtetje institucionale.\u201d","robots":{"index":"index","follow":"follow","max-snippet":"max-snippet:-1","max-image-preview":"max-image-preview:large","max-video-preview":"max-video-preview:-1"},"canonical":"https:\/\/unhz.eu\/fakulteti-juridik\/stafi\/","og_locale":"sq_AL","og_type":"article","og_title":"Stafi","og_description":"Zona e stafit t\u00eb Fakultetit Juridik n\u00eb UHZ p\u00ebrfshin Dekanatin, Personelin Akademik dhe Administrativ\u2014t\u00eb p\u00ebrkushtuar n\u00eb m\u00ebsimdh\u00ebnie, hulumtime dhe mb\u00ebshtetje institucionale.\u201d","og_url":"https:\/\/unhz.eu\/fakulteti-juridik\/stafi\/","og_site_name":"Fakulteti Juridik","article_modified_time":"2025-09-10T08:10:17+00:00","twitter_card":"summary_large_image","twitter_misc":{"Est. reading time":"1 minut\u00eb"},"schema":{"@context":"https:\/\/schema.org","@graph":[{"@type":"WebPage","@id":"https:\/\/unhz.eu\/fakulteti-juridik\/stafi\/","url":"https:\/\/unhz.eu\/fakulteti-juridik\/stafi\/","name":"Stafi \u2013 Fakulteti Juridik","isPartOf":{"@id":"https:\/\/unhz.eu\/fakulteti-juridik\/#website"},"datePublished":"2025-01-17T09:11:59+00:00","dateModified":"2025-09-10T08:10:17+00:00","description":"Zona e stafit t\u00eb Fakultetit Juridik n\u00eb UHZ p\u00ebrfshin Dekanatin, Personelin Akademik dhe Administrativ\u2014t\u00eb p\u00ebrkushtuar n\u00eb m\u00ebsimdh\u00ebnie, hulumtime dhe mb\u00ebshtetje institucionale.\u201d","breadcrumb":{"@id":"https:\/\/unhz.eu\/fakulteti-juridik\/stafi\/#breadcrumb"},"inLanguage":"sq","potentialAction":[{"@type":"ReadAction","target":["https:\/\/unhz.eu\/fakulteti-juridik\/stafi\/"]}]},{"@type":"BreadcrumbList","@id":"https:\/\/unhz.eu\/fakulteti-juridik\/stafi\/#breadcrumb","itemListElement":[{"@type":"ListItem","position":1,"name":"Home","item":"https:\/\/unhz.eu\/fakulteti-juridik\/"},{"@type":"ListItem","position":2,"name":"Stafi"}]},{"@type":"WebSite","@id":"https:\/\/unhz.eu\/fakulteti-juridik\/#website","url":"https:\/\/unhz.eu\/fakulteti-juridik\/","name":"Fakulteti Juridik","description":"I dedikuar p\u00ebr cil\u00ebsi standarde dhe suksese","publisher":{"@id":"https:\/\/unhz.eu\/fakulteti-juridik\/#organization"},"potentialAction":[{"@type":"SearchAction","target":{"@type":"EntryPoint","urlTemplate":"https:\/\/unhz.eu\/fakulteti-juridik\/?s={search_term_string}"},"query-input":{"@type":"PropertyValueSpecification","valueRequired":true,"valueName":"search_term_string"}}],"inLanguage":"sq"},{"@type":"Organization","@id":"https:\/\/unhz.eu\/fakulteti-juridik\/#organization","name":"Fakulteti Juridik","url":"https:\/\/unhz.eu\/fakulteti-juridik\/","logo":{"@type":"ImageObject","inLanguage":"sq","@id":"https:\/\/unhz.eu\/fakulteti-juridik\/#\/schema\/logo\/image\/","url":"https:\/\/unhz.eu\/fakulteti-juridik\/wp-content\/uploads\/sites\/9\/2024\/02\/cropped-logo-1-1-e1713527702695.png","contentUrl":"https:\/\/unhz.eu\/fakulteti-juridik\/wp-content\/uploads\/sites\/9\/2024\/02\/cropped-logo-1-1-e1713527702695.png","width":100,"height":100,"caption":"Fakulteti Juridik"},"image":{"@id":"https:\/\/unhz.eu\/fakulteti-juridik\/#\/schema\/logo\/image\/"}}]}},"_links":{"self":[{"href":"https:\/\/unhz.eu\/fakulteti-juridik\/wp-json\/wp\/v2\/pages\/49487","targetHints":{"allow":["GET"]}}],"collection":[{"href":"https:\/\/unhz.eu\/fakulteti-juridik\/wp-json\/wp\/v2\/pages"}],"about":[{"href":"https:\/\/unhz.eu\/fakulteti-juridik\/wp-json\/wp\/v2\/types\/page"}],"author":[{"embeddable":true,"href":"https:\/\/unhz.eu\/fakulteti-juridik\/wp-json\/wp\/v2\/users\/1"}],"replies":[{"embeddable":true,"href":"https:\/\/unhz.eu\/fakulteti-juridik\/wp-json\/wp\/v2\/comments?post=49487"}],"version-history":[{"count":1,"href":"https:\/\/unhz.eu\/fakulteti-juridik\/wp-json\/wp\/v2\/pages\/49487\/revisions"}],"predecessor-version":[{"id":49659,"href":"https:\/\/unhz.eu\/fakulteti-juridik\/wp-json\/wp\/v2\/pages\/49487\/revisions\/49659"}],"wp:attachment":[{"href":"https:\/\/unhz.eu\/fakulteti-juridik\/wp-json\/wp\/v2\/media?parent=49487"}],"curies":[{"name":"wp","href":"https:\/\/api.w.org\/{rel}","templated":true}]}}