{"id":49441,"date":"2025-01-17T08:04:01","date_gmt":"2025-01-17T08:04:01","guid":{"rendered":"https:\/\/unhz.eu\/fakulteti-juridik\/?page_id=49441"},"modified":"2026-02-06T16:11:56","modified_gmt":"2026-02-06T14:11:56","slug":"programi-i-studimit-edne","status":"publish","type":"page","link":"https:\/\/unhz.eu\/fakulteti-juridik\/programi-i-studimit-edne\/","title":{"rendered":"Programi i studimit EDNE"},"content":{"rendered":"\n<figure class=\"wp-block-embed is-type-wp-embed is-provider-fakulteti-juridik wp-block-embed-fakulteti-juridik\"><div class=\"wp-block-embed__wrapper\">\n<blockquote class=\"wp-embedded-content\" data-secret=\"hlbKiQthSD\"><a href=\"https:\/\/unhz.eu\/fakulteti-juridik\/e-drejta-nderkombetare-dhe-evropiane-llm-2022-2025\/\">E Drejta Nd\u00ebrkombetare dhe Evropiane LLM\u00a02022-2025<\/a><\/blockquote><iframe loading=\"lazy\" class=\"wp-embedded-content\" sandbox=\"allow-scripts\" security=\"restricted\" style=\"position: absolute; visibility: hidden;\" title=\"&#8220;E Drejta Nd\u00ebrkombetare dhe Evropiane LLM\u00a02022-2025&#8221; &#8212; Fakulteti Juridik\" src=\"https:\/\/unhz.eu\/fakulteti-juridik\/e-drejta-nderkombetare-dhe-evropiane-llm-2022-2025\/embed\/#?secret=c8hhBEH71I#?secret=hlbKiQthSD\" data-secret=\"hlbKiQthSD\" width=\"600\" height=\"338\" frameborder=\"0\" marginwidth=\"0\" marginheight=\"0\" scrolling=\"no\"><\/iframe>\n<\/div><\/figure>\n\n\n\n<figure class=\"wp-block-embed is-type-wp-embed is-provider-fakulteti-juridik wp-block-embed-fakulteti-juridik\"><div class=\"wp-block-embed__wrapper\">\n<blockquote class=\"wp-embedded-content\" data-secret=\"CsPX0fsDN0\"><a href=\"https:\/\/unhz.eu\/fakulteti-juridik\/e-drejta-nderkombetare-dhe-evropiane-llm-2019-2022\/\">E Drejta Nd\u00ebrkombetare dhe Evropiane LLM 2019-2022<\/a><\/blockquote><iframe loading=\"lazy\" class=\"wp-embedded-content\" sandbox=\"allow-scripts\" security=\"restricted\" style=\"position: absolute; visibility: hidden;\" title=\"&#8220;E Drejta Nd\u00ebrkombetare dhe Evropiane LLM 2019-2022&#8221; &#8212; Fakulteti Juridik\" src=\"https:\/\/unhz.eu\/fakulteti-juridik\/e-drejta-nderkombetare-dhe-evropiane-llm-2019-2022\/embed\/#?secret=jMOkTY7S9m#?secret=CsPX0fsDN0\" data-secret=\"CsPX0fsDN0\" width=\"600\" height=\"338\" frameborder=\"0\" marginwidth=\"0\" marginheight=\"0\" scrolling=\"no\"><\/iframe>\n<\/div><\/figure>\n","protected":false},"excerpt":{"rendered":"","protected":false},"author":1,"featured_media":0,"parent":0,"menu_order":0,"comment_status":"closed","ping_status":"closed","template":"","meta":{"footnotes":""},"class_list":["post-49441","page","type-page","status-publish","hentry"],"yoast_head":"<!-- This site is optimized with the Yoast SEO Premium plugin v27.2 (Yoast SEO v27.2) - https:\/\/yoast.com\/product\/yoast-seo-premium-wordpress\/ -->\n<title>EDNE \u2013 E Drejta Nd\u00ebrkomb\u00ebtare dhe Evropiane | Fakulteti Juridik<\/title>\n<meta name=\"description\" content=\"Zbulo programin e studimit EDNE (E Drejta Nd\u00ebrkomb\u00ebtare dhe Evropiane) n\u00eb Fakultetin Juridik t\u00eb Universitetit \u201cHaxhi Zeka\u201d: struktura, p\u00ebrmbajtja dhe oraret e LLM\u2011it.\" \/>\n<meta name=\"robots\" content=\"index, follow, max-snippet:-1, max-image-preview:large, max-video-preview:-1\" \/>\n<link rel=\"canonical\" href=\"https:\/\/unhz.eu\/fakulteti-juridik\/programi-i-studimit-edne\/\" \/>\n<meta property=\"og:locale\" content=\"sq_AL\" \/>\n<meta property=\"og:type\" content=\"article\" \/>\n<meta property=\"og:title\" content=\"Programi i studimit EDNE\" \/>\n<meta property=\"og:description\" content=\"Zbulo programin e studimit EDNE (E Drejta Nd\u00ebrkomb\u00ebtare dhe Evropiane) n\u00eb Fakultetin Juridik t\u00eb Universitetit \u201cHaxhi Zeka\u201d: struktura, p\u00ebrmbajtja dhe oraret e LLM\u2011it.\" \/>\n<meta property=\"og:url\" content=\"https:\/\/unhz.eu\/fakulteti-juridik\/programi-i-studimit-edne\/\" \/>\n<meta property=\"og:site_name\" content=\"Fakulteti Juridik\" \/>\n<meta property=\"article:modified_time\" content=\"2026-02-06T14:11:56+00:00\" \/>\n<meta name=\"twitter:card\" content=\"summary_large_image\" \/>\n<meta name=\"twitter:label1\" content=\"Est. reading time\" \/>\n\t<meta name=\"twitter:data1\" content=\"1 minut\u00eb\" \/>\n<script type=\"application\/ld+json\" class=\"yoast-schema-graph\">{\"@context\":\"https:\/\/schema.org\",\"@graph\":[{\"@type\":\"WebPage\",\"@id\":\"https:\/\/unhz.eu\/fakulteti-juridik\/programi-i-studimit-edne\/\",\"url\":\"https:\/\/unhz.eu\/fakulteti-juridik\/programi-i-studimit-edne\/\",\"name\":\"EDNE \u2013 E Drejta Nd\u00ebrkomb\u00ebtare dhe Evropiane | Fakulteti Juridik\",\"isPartOf\":{\"@id\":\"https:\/\/unhz.eu\/fakulteti-juridik\/#website\"},\"datePublished\":\"2025-01-17T08:04:01+00:00\",\"dateModified\":\"2026-02-06T14:11:56+00:00\",\"description\":\"Zbulo programin e studimit EDNE (E Drejta Nd\u00ebrkomb\u00ebtare dhe Evropiane) n\u00eb Fakultetin Juridik t\u00eb Universitetit \u201cHaxhi Zeka\u201d: struktura, p\u00ebrmbajtja dhe oraret e LLM\u2011it.\",\"breadcrumb\":{\"@id\":\"https:\/\/unhz.eu\/fakulteti-juridik\/programi-i-studimit-edne\/#breadcrumb\"},\"inLanguage\":\"sq\",\"potentialAction\":[{\"@type\":\"ReadAction\",\"target\":[\"https:\/\/unhz.eu\/fakulteti-juridik\/programi-i-studimit-edne\/\"]}]},{\"@type\":\"BreadcrumbList\",\"@id\":\"https:\/\/unhz.eu\/fakulteti-juridik\/programi-i-studimit-edne\/#breadcrumb\",\"itemListElement\":[{\"@type\":\"ListItem\",\"position\":1,\"name\":\"Home\",\"item\":\"https:\/\/unhz.eu\/fakulteti-juridik\/\"},{\"@type\":\"ListItem\",\"position\":2,\"name\":\"Programi i studimit EDNE\"}]},{\"@type\":\"WebSite\",\"@id\":\"https:\/\/unhz.eu\/fakulteti-juridik\/#website\",\"url\":\"https:\/\/unhz.eu\/fakulteti-juridik\/\",\"name\":\"Fakulteti Juridik\",\"description\":\"I dedikuar p\u00ebr cil\u00ebsi standarde dhe suksese\",\"publisher\":{\"@id\":\"https:\/\/unhz.eu\/fakulteti-juridik\/#organization\"},\"potentialAction\":[{\"@type\":\"SearchAction\",\"target\":{\"@type\":\"EntryPoint\",\"urlTemplate\":\"https:\/\/unhz.eu\/fakulteti-juridik\/?s={search_term_string}\"},\"query-input\":{\"@type\":\"PropertyValueSpecification\",\"valueRequired\":true,\"valueName\":\"search_term_string\"}}],\"inLanguage\":\"sq\"},{\"@type\":\"Organization\",\"@id\":\"https:\/\/unhz.eu\/fakulteti-juridik\/#organization\",\"name\":\"Fakulteti Juridik\",\"url\":\"https:\/\/unhz.eu\/fakulteti-juridik\/\",\"logo\":{\"@type\":\"ImageObject\",\"inLanguage\":\"sq\",\"@id\":\"https:\/\/unhz.eu\/fakulteti-juridik\/#\/schema\/logo\/image\/\",\"url\":\"https:\/\/unhz.eu\/fakulteti-juridik\/wp-content\/uploads\/sites\/9\/2024\/02\/cropped-logo-1-1-e1713527702695.png\",\"contentUrl\":\"https:\/\/unhz.eu\/fakulteti-juridik\/wp-content\/uploads\/sites\/9\/2024\/02\/cropped-logo-1-1-e1713527702695.png\",\"width\":100,\"height\":100,\"caption\":\"Fakulteti Juridik\"},\"image\":{\"@id\":\"https:\/\/unhz.eu\/fakulteti-juridik\/#\/schema\/logo\/image\/\"}}]}<\/script>\n<!-- \/ Yoast SEO Premium plugin. -->","yoast_head_json":{"title":"EDNE \u2013 E Drejta Nd\u00ebrkomb\u00ebtare dhe Evropiane | Fakulteti Juridik","description":"Zbulo programin e studimit EDNE (E Drejta Nd\u00ebrkomb\u00ebtare dhe Evropiane) n\u00eb Fakultetin Juridik t\u00eb Universitetit \u201cHaxhi Zeka\u201d: struktura, p\u00ebrmbajtja dhe oraret e LLM\u2011it.","robots":{"index":"index","follow":"follow","max-snippet":"max-snippet:-1","max-image-preview":"max-image-preview:large","max-video-preview":"max-video-preview:-1"},"canonical":"https:\/\/unhz.eu\/fakulteti-juridik\/programi-i-studimit-edne\/","og_locale":"sq_AL","og_type":"article","og_title":"Programi i studimit EDNE","og_description":"Zbulo programin e studimit EDNE (E Drejta Nd\u00ebrkomb\u00ebtare dhe Evropiane) n\u00eb Fakultetin Juridik t\u00eb Universitetit \u201cHaxhi Zeka\u201d: struktura, p\u00ebrmbajtja dhe oraret e LLM\u2011it.","og_url":"https:\/\/unhz.eu\/fakulteti-juridik\/programi-i-studimit-edne\/","og_site_name":"Fakulteti Juridik","article_modified_time":"2026-02-06T14:11:56+00:00","twitter_card":"summary_large_image","twitter_misc":{"Est. reading time":"1 minut\u00eb"},"schema":{"@context":"https:\/\/schema.org","@graph":[{"@type":"WebPage","@id":"https:\/\/unhz.eu\/fakulteti-juridik\/programi-i-studimit-edne\/","url":"https:\/\/unhz.eu\/fakulteti-juridik\/programi-i-studimit-edne\/","name":"EDNE \u2013 E Drejta Nd\u00ebrkomb\u00ebtare dhe Evropiane | Fakulteti Juridik","isPartOf":{"@id":"https:\/\/unhz.eu\/fakulteti-juridik\/#website"},"datePublished":"2025-01-17T08:04:01+00:00","dateModified":"2026-02-06T14:11:56+00:00","description":"Zbulo programin e studimit EDNE (E Drejta Nd\u00ebrkomb\u00ebtare dhe Evropiane) n\u00eb Fakultetin Juridik t\u00eb Universitetit \u201cHaxhi Zeka\u201d: struktura, p\u00ebrmbajtja dhe oraret e LLM\u2011it.","breadcrumb":{"@id":"https:\/\/unhz.eu\/fakulteti-juridik\/programi-i-studimit-edne\/#breadcrumb"},"inLanguage":"sq","potentialAction":[{"@type":"ReadAction","target":["https:\/\/unhz.eu\/fakulteti-juridik\/programi-i-studimit-edne\/"]}]},{"@type":"BreadcrumbList","@id":"https:\/\/unhz.eu\/fakulteti-juridik\/programi-i-studimit-edne\/#breadcrumb","itemListElement":[{"@type":"ListItem","position":1,"name":"Home","item":"https:\/\/unhz.eu\/fakulteti-juridik\/"},{"@type":"ListItem","position":2,"name":"Programi i studimit EDNE"}]},{"@type":"WebSite","@id":"https:\/\/unhz.eu\/fakulteti-juridik\/#website","url":"https:\/\/unhz.eu\/fakulteti-juridik\/","name":"Fakulteti Juridik","description":"I dedikuar p\u00ebr cil\u00ebsi standarde dhe suksese","publisher":{"@id":"https:\/\/unhz.eu\/fakulteti-juridik\/#organization"},"potentialAction":[{"@type":"SearchAction","target":{"@type":"EntryPoint","urlTemplate":"https:\/\/unhz.eu\/fakulteti-juridik\/?s={search_term_string}"},"query-input":{"@type":"PropertyValueSpecification","valueRequired":true,"valueName":"search_term_string"}}],"inLanguage":"sq"},{"@type":"Organization","@id":"https:\/\/unhz.eu\/fakulteti-juridik\/#organization","name":"Fakulteti Juridik","url":"https:\/\/unhz.eu\/fakulteti-juridik\/","logo":{"@type":"ImageObject","inLanguage":"sq","@id":"https:\/\/unhz.eu\/fakulteti-juridik\/#\/schema\/logo\/image\/","url":"https:\/\/unhz.eu\/fakulteti-juridik\/wp-content\/uploads\/sites\/9\/2024\/02\/cropped-logo-1-1-e1713527702695.png","contentUrl":"https:\/\/unhz.eu\/fakulteti-juridik\/wp-content\/uploads\/sites\/9\/2024\/02\/cropped-logo-1-1-e1713527702695.png","width":100,"height":100,"caption":"Fakulteti Juridik"},"image":{"@id":"https:\/\/unhz.eu\/fakulteti-juridik\/#\/schema\/logo\/image\/"}}]}},"_links":{"self":[{"href":"https:\/\/unhz.eu\/fakulteti-juridik\/wp-json\/wp\/v2\/pages\/49441","targetHints":{"allow":["GET"]}}],"collection":[{"href":"https:\/\/unhz.eu\/fakulteti-juridik\/wp-json\/wp\/v2\/pages"}],"about":[{"href":"https:\/\/unhz.eu\/fakulteti-juridik\/wp-json\/wp\/v2\/types\/page"}],"author":[{"embeddable":true,"href":"https:\/\/unhz.eu\/fakulteti-juridik\/wp-json\/wp\/v2\/users\/1"}],"replies":[{"embeddable":true,"href":"https:\/\/unhz.eu\/fakulteti-juridik\/wp-json\/wp\/v2\/comments?post=49441"}],"version-history":[{"count":1,"href":"https:\/\/unhz.eu\/fakulteti-juridik\/wp-json\/wp\/v2\/pages\/49441\/revisions"}],"predecessor-version":[{"id":51038,"href":"https:\/\/unhz.eu\/fakulteti-juridik\/wp-json\/wp\/v2\/pages\/49441\/revisions\/51038"}],"wp:attachment":[{"href":"https:\/\/unhz.eu\/fakulteti-juridik\/wp-json\/wp\/v2\/media?parent=49441"}],"curies":[{"name":"wp","href":"https:\/\/api.w.org\/{rel}","templated":true}]}}