{"id":22517,"date":"2024-04-30T09:38:51","date_gmt":"2024-04-30T09:38:51","guid":{"rendered":"https:\/\/unhz.eu\/fakulteti-juridik\/?page_id=22517"},"modified":"2026-02-06T15:51:25","modified_gmt":"2026-02-06T13:51:25","slug":"instituti-gap","status":"publish","type":"page","link":"https:\/\/unhz.eu\/fakulteti-juridik\/instituti-gap\/","title":{"rendered":"Instituti GAP"},"content":{"rendered":"\t\t<div data-elementor-type=\"wp-page\" data-elementor-id=\"22517\" class=\"elementor elementor-22517\" data-elementor-post-type=\"page\">\n\t\t\t\t\t\t<section class=\"elementor-section elementor-top-section elementor-element elementor-element-fd05518 elementor-section-boxed elementor-section-height-default elementor-section-height-default sc_fly_static\" data-id=\"fd05518\" data-element_type=\"section\" data-e-type=\"section\">\n\t\t\t\t\t\t<div class=\"elementor-container elementor-column-gap-extended\">\n\t\t\t\t\t<div class=\"elementor-column elementor-col-100 elementor-top-column elementor-element elementor-element-b267fff sc_content_align_inherit sc_layouts_column_icons_position_left sc_fly_static\" data-id=\"b267fff\" data-element_type=\"column\" data-e-type=\"column\">\n\t\t\t<div class=\"elementor-widget-wrap elementor-element-populated\">\n\t\t\t\t\t\t<section class=\"elementor-section elementor-inner-section elementor-element elementor-element-fb340f1 elementor-section-boxed elementor-section-height-default elementor-section-height-default sc_fly_static\" data-id=\"fb340f1\" data-element_type=\"section\" data-e-type=\"section\">\n\t\t\t\t\t\t<div class=\"elementor-container elementor-column-gap-extended\">\n\t\t\t\t\t<div class=\"elementor-column elementor-col-100 elementor-inner-column elementor-element elementor-element-527e6a0 sc_content_align_inherit sc_layouts_column_icons_position_left sc_fly_static\" data-id=\"527e6a0\" data-element_type=\"column\" data-e-type=\"column\">\n\t\t\t<div class=\"elementor-widget-wrap elementor-element-populated\">\n\t\t\t\t\t\t<div class=\"elementor-element elementor-element-d11fb15 sc_height_tiny sc_fly_static elementor-widget elementor-widget-spacer\" data-id=\"d11fb15\" data-element_type=\"widget\" data-e-type=\"widget\" data-widget_type=\"spacer.default\">\n\t\t\t\t<div class=\"elementor-widget-container\">\n\t\t\t\t\t\t\t<div class=\"elementor-spacer\">\n\t\t\t<div class=\"elementor-spacer-inner\"><\/div>\n\t\t<\/div>\n\t\t\t\t\t\t<\/div>\n\t\t\t\t<\/div>\n\t\t\t\t<div class=\"elementor-element elementor-element-b09c2c0 sc_fly_static elementor-widget elementor-widget-text-editor\" data-id=\"b09c2c0\" data-element_type=\"widget\" data-e-type=\"widget\" data-widget_type=\"text-editor.default\">\n\t\t\t\t<div class=\"elementor-widget-container\">\n\t\t\t\t\t\t\t\t\t<p>Me organizim t\u00eb\u00a0<a href=\"https:\/\/unhz.eu\/rreth-zzhk-se\/\" target=\"_blank\" rel=\"noreferrer noopener\">Zyr\u00ebs p\u00ebr Zhvillim t\u00eb Karrier\u00ebs<\/a>\u00a0dhe dekanatit t\u00eb\u00a0<a href=\"https:\/\/unhz.eu\/?arsim_course=fakulteti-juridik\" target=\"_blank\" rel=\"noreferrer noopener\">Fakultetit Juridik<\/a>\u00a0t\u00eb UHZ-s\u00eb, dje n\u00eb Fakultetin Juridik, p\u00ebrfaq\u00ebsuesit e Institutit GAP kan\u00eb mbajtur nj\u00eb ligj\u00ebrat\u00eb. Student\u00ebt e nivelit bachelor dhe master jan\u00eb njoftuar lidhur me rolin dhe r\u00ebnd\u00ebsin\u00eb q\u00eb ka shoq\u00ebria civile n\u00eb Kosov\u00eb dhe format se si student\u00ebt mund t\u00eb p\u00ebrfitojn\u00eb njohuri metodologjike dhe teknike t\u00eb hulumtimeve. M\u00eb pas, para student\u00ebve \u00ebsht\u00eb paraqitur puna e\u00a0<a href=\"https:\/\/www.institutigap.org\/\" target=\"_blank\" rel=\"noreferrer noopener\">Institutit GAP<\/a>\u00a0dh\u00ebn\u00eb n\u00eb p\u00ebrmir\u00ebsimin dhe forcimin e politikave publike n\u00eb Kosov\u00eb n\u00eb dekad\u00ebn e fundit, ve\u00e7mas n\u00eb fush\u00ebn e financave publike, qeverisjes lokale dhe ekonomis\u00eb. Student\u00ebt jan\u00eb njohur p\u00ebr s\u00eb af\u00ebrmi edhe me platformen \u201cSi i shpenzon shteti parat tona\u201d dhe me platform\u00ebn \u201cLet\u00ebrnjoftimi i Komunave\u201d.<\/p><p>ZZHK e\u00a0<a href=\"https:\/\/unhz.eu\/\" target=\"_blank\" rel=\"noreferrer noopener\">UHZ<\/a>-s\u00eb \u00ebsht\u00eb e p\u00ebrshkushtuar q\u00eb n\u00eb kuad\u00ebr t\u00eb pun\u00ebs s\u00eb vet t\u00eb ju ofroj\u00eb student\u00ebve tan\u00eb, sa m\u00eb shum\u00eb mund\u00ebsi si kjo m\u00eb Institutitn GAP p\u00ebrmes t\u00eb cilave do t\u00eb p\u00ebrfitojn\u00eb njohuri t\u00eb reja edhe n\u00eb fusha tjera, p\u00ebrve\u00e7 atyre n\u00eb fush\u00ebn e studimit.<\/p>\t\t\t\t\t\t\t\t<\/div>\n\t\t\t\t<\/div>\n\t\t\t\t\t<\/div>\n\t\t<\/div>\n\t\t\t\t\t<\/div>\n\t\t<\/section>\n\t\t\t\t\t<\/div>\n\t\t<\/div>\n\t\t\t\t\t<\/div>\n\t\t<\/section>\n\t\t\t\t<section class=\"elementor-section elementor-top-section elementor-element elementor-element-3ed19de elementor-section-boxed elementor-section-height-default elementor-section-height-default sc_fly_static\" data-id=\"3ed19de\" data-element_type=\"section\" data-e-type=\"section\">\n\t\t\t\t\t\t<div class=\"elementor-container elementor-column-gap-extended\">\n\t\t\t\t\t<div class=\"elementor-column elementor-col-100 elementor-top-column elementor-element elementor-element-37154b7 sc_content_align_inherit sc_layouts_column_icons_position_left sc_fly_static\" data-id=\"37154b7\" data-element_type=\"column\" data-e-type=\"column\">\n\t\t\t<div class=\"elementor-widget-wrap elementor-element-populated\">\n\t\t\t\t\t\t<div class=\"elementor-element elementor-element-3403ac3 sc_fly_static elementor-widget elementor-widget-spacer\" data-id=\"3403ac3\" data-element_type=\"widget\" data-e-type=\"widget\" data-widget_type=\"spacer.default\">\n\t\t\t\t<div class=\"elementor-widget-container\">\n\t\t\t\t\t\t\t<div class=\"elementor-spacer\">\n\t\t\t<div class=\"elementor-spacer-inner\"><\/div>\n\t\t<\/div>\n\t\t\t\t\t\t<\/div>\n\t\t\t\t<\/div>\n\t\t\t\t<div class=\"elementor-element elementor-element-de51466 elementor-arrows-position-inside elementor-pagination-position-outside sc_fly_static elementor-widget elementor-widget-image-carousel\" data-id=\"de51466\" data-element_type=\"widget\" data-e-type=\"widget\" data-settings=\"{&quot;navigation&quot;:&quot;both&quot;,&quot;autoplay&quot;:&quot;yes&quot;,&quot;pause_on_hover&quot;:&quot;yes&quot;,&quot;pause_on_interaction&quot;:&quot;yes&quot;,&quot;autoplay_speed&quot;:5000,&quot;infinite&quot;:&quot;yes&quot;,&quot;speed&quot;:500}\" data-widget_type=\"image-carousel.default\">\n\t\t\t\t<div class=\"elementor-widget-container\">\n\t\t\t\t\t\t\t<div class=\"elementor-image-carousel-wrapper swiper\" role=\"region\" aria-roledescription=\"carousel\" aria-label=\"Image Carousel\" dir=\"ltr\">\n\t\t\t<div class=\"elementor-image-carousel swiper-wrapper\" aria-live=\"off\">\n\t\t\t\t\t\t\t\t<div class=\"swiper-slide\" role=\"group\" aria-roledescription=\"slide\" aria-label=\"1 of 5\"><a data-elementor-open-lightbox=\"yes\" data-elementor-lightbox-slideshow=\"de51466\" data-elementor-lightbox-title=\"WhatsApp-Image-2022-11-24-at-15.39.45\" data-e-action-hash=\"#elementor-action%3Aaction%3Dlightbox%26settings%3DeyJpZCI6MjI1MTksInVybCI6Imh0dHBzOlwvXC91bmh6LmV1XC9mYWt1bHRldGktanVyaWRpa1wvd3AtY29udGVudFwvdXBsb2Fkc1wvc2l0ZXNcLzlcLzIwMjRcLzA0XC9XaGF0c0FwcC1JbWFnZS0yMDIyLTExLTI0LWF0LTE1LjM5LjQ1LmpwZWciLCJzbGlkZXNob3ciOiJkZTUxNDY2In0%3D\" href=\"https:\/\/unhz.eu\/fakulteti-juridik\/wp-content\/uploads\/sites\/9\/2024\/04\/WhatsApp-Image-2022-11-24-at-15.39.45.jpeg\"><figure class=\"swiper-slide-inner\"><img decoding=\"async\" class=\"swiper-slide-image\" src=\"https:\/\/unhz.eu\/fakulteti-juridik\/wp-content\/uploads\/sites\/9\/2024\/04\/WhatsApp-Image-2022-11-24-at-15.39.45.jpeg\" alt=\"WhatsApp-Image-2022-11-24-at-15.39.45\" \/><\/figure><\/a><\/div><div class=\"swiper-slide\" role=\"group\" aria-roledescription=\"slide\" aria-label=\"2 of 5\"><a data-elementor-open-lightbox=\"yes\" data-elementor-lightbox-slideshow=\"de51466\" data-elementor-lightbox-title=\"WhatsApp-Image-2022-11-24-at-15.39.42\" data-e-action-hash=\"#elementor-action%3Aaction%3Dlightbox%26settings%3DeyJpZCI6MjI1MzAsInVybCI6Imh0dHBzOlwvXC91bmh6LmV1XC9mYWt1bHRldGktanVyaWRpa1wvd3AtY29udGVudFwvdXBsb2Fkc1wvc2l0ZXNcLzlcLzIwMjRcLzA0XC9XaGF0c0FwcC1JbWFnZS0yMDIyLTExLTI0LWF0LTE1LjM5LjQyLmpwZWciLCJzbGlkZXNob3ciOiJkZTUxNDY2In0%3D\" href=\"https:\/\/unhz.eu\/fakulteti-juridik\/wp-content\/uploads\/sites\/9\/2024\/04\/WhatsApp-Image-2022-11-24-at-15.39.42.jpeg\"><figure class=\"swiper-slide-inner\"><img decoding=\"async\" class=\"swiper-slide-image\" src=\"https:\/\/unhz.eu\/fakulteti-juridik\/wp-content\/uploads\/sites\/9\/2024\/04\/WhatsApp-Image-2022-11-24-at-15.39.42.jpeg\" alt=\"WhatsApp-Image-2022-11-24-at-15.39.42\" \/><\/figure><\/a><\/div><div class=\"swiper-slide\" role=\"group\" aria-roledescription=\"slide\" aria-label=\"3 of 5\"><a data-elementor-open-lightbox=\"yes\" data-elementor-lightbox-slideshow=\"de51466\" data-elementor-lightbox-title=\"WhatsApp-Image-2022-11-24-at-15.39.39\" data-e-action-hash=\"#elementor-action%3Aaction%3Dlightbox%26settings%3DeyJpZCI6MjI1MjAsInVybCI6Imh0dHBzOlwvXC91bmh6LmV1XC9mYWt1bHRldGktanVyaWRpa1wvd3AtY29udGVudFwvdXBsb2Fkc1wvc2l0ZXNcLzlcLzIwMjRcLzA0XC9XaGF0c0FwcC1JbWFnZS0yMDIyLTExLTI0LWF0LTE1LjM5LjM5LmpwZWciLCJzbGlkZXNob3ciOiJkZTUxNDY2In0%3D\" href=\"https:\/\/unhz.eu\/fakulteti-juridik\/wp-content\/uploads\/sites\/9\/2024\/04\/WhatsApp-Image-2022-11-24-at-15.39.39.jpeg\"><figure class=\"swiper-slide-inner\"><img decoding=\"async\" class=\"swiper-slide-image\" src=\"https:\/\/unhz.eu\/fakulteti-juridik\/wp-content\/uploads\/sites\/9\/2024\/04\/WhatsApp-Image-2022-11-24-at-15.39.39.jpeg\" alt=\"WhatsApp-Image-2022-11-24-at-15.39.39\" \/><\/figure><\/a><\/div><div class=\"swiper-slide\" role=\"group\" aria-roledescription=\"slide\" aria-label=\"4 of 5\"><a data-elementor-open-lightbox=\"yes\" data-elementor-lightbox-slideshow=\"de51466\" data-elementor-lightbox-title=\"WhatsApp-Image-2022-11-24-at-15.39.38-1\" data-e-action-hash=\"#elementor-action%3Aaction%3Dlightbox%26settings%3DeyJpZCI6MjI1MjEsInVybCI6Imh0dHBzOlwvXC91bmh6LmV1XC9mYWt1bHRldGktanVyaWRpa1wvd3AtY29udGVudFwvdXBsb2Fkc1wvc2l0ZXNcLzlcLzIwMjRcLzA0XC9XaGF0c0FwcC1JbWFnZS0yMDIyLTExLTI0LWF0LTE1LjM5LjM4LTEuanBlZyIsInNsaWRlc2hvdyI6ImRlNTE0NjYifQ%3D%3D\" href=\"https:\/\/unhz.eu\/fakulteti-juridik\/wp-content\/uploads\/sites\/9\/2024\/04\/WhatsApp-Image-2022-11-24-at-15.39.38-1.jpeg\"><figure class=\"swiper-slide-inner\"><img decoding=\"async\" class=\"swiper-slide-image\" src=\"https:\/\/unhz.eu\/fakulteti-juridik\/wp-content\/uploads\/sites\/9\/2024\/04\/WhatsApp-Image-2022-11-24-at-15.39.38-1.jpeg\" alt=\"WhatsApp-Image-2022-11-24-at-15.39.38-1\" \/><\/figure><\/a><\/div><div class=\"swiper-slide\" role=\"group\" aria-roledescription=\"slide\" aria-label=\"5 of 5\"><a data-elementor-open-lightbox=\"yes\" data-elementor-lightbox-slideshow=\"de51466\" data-elementor-lightbox-title=\"WhatsApp-Image-2022-11-24-at-15.39.38\" data-e-action-hash=\"#elementor-action%3Aaction%3Dlightbox%26settings%3DeyJpZCI6MjI1MjIsInVybCI6Imh0dHBzOlwvXC91bmh6LmV1XC9mYWt1bHRldGktanVyaWRpa1wvd3AtY29udGVudFwvdXBsb2Fkc1wvc2l0ZXNcLzlcLzIwMjRcLzA0XC9XaGF0c0FwcC1JbWFnZS0yMDIyLTExLTI0LWF0LTE1LjM5LjM4LmpwZWciLCJzbGlkZXNob3ciOiJkZTUxNDY2In0%3D\" href=\"https:\/\/unhz.eu\/fakulteti-juridik\/wp-content\/uploads\/sites\/9\/2024\/04\/WhatsApp-Image-2022-11-24-at-15.39.38.jpeg\"><figure class=\"swiper-slide-inner\"><img decoding=\"async\" class=\"swiper-slide-image\" src=\"https:\/\/unhz.eu\/fakulteti-juridik\/wp-content\/uploads\/sites\/9\/2024\/04\/WhatsApp-Image-2022-11-24-at-15.39.38.jpeg\" alt=\"WhatsApp-Image-2022-11-24-at-15.39.38\" \/><\/figure><\/a><\/div>\t\t\t<\/div>\n\t\t\t\t\t\t\t\t\t\t\t\t<div class=\"elementor-swiper-button elementor-swiper-button-prev\" role=\"button\" tabindex=\"0\">\n\t\t\t\t\t\t<i aria-hidden=\"true\" class=\"eicon-chevron-left\"><\/i>\t\t\t\t\t<\/div>\n\t\t\t\t\t<div class=\"elementor-swiper-button elementor-swiper-button-next\" role=\"button\" tabindex=\"0\">\n\t\t\t\t\t\t<i aria-hidden=\"true\" class=\"eicon-chevron-right\"><\/i>\t\t\t\t\t<\/div>\n\t\t\t\t\n\t\t\t\t\t\t\t\t\t<div class=\"swiper-pagination\"><\/div>\n\t\t\t\t\t\t\t\t\t<\/div>\n\t\t\t\t\t\t<\/div>\n\t\t\t\t<\/div>\n\t\t\t\t\t<\/div>\n\t\t<\/div>\n\t\t\t\t\t<\/div>\n\t\t<\/section>\n\t\t\t\t<\/div>\n\t\t","protected":false},"excerpt":{"rendered":"<p>Me organizim t\u00eb\u00a0Zyr\u00ebs p\u00ebr Zhvillim t\u00eb Karrier\u00ebs\u00a0dhe dekanatit t\u00eb\u00a0Fakultetit Juridik\u00a0t\u00eb UHZ-s\u00eb, dje n\u00eb Fakultetin Juridik, p\u00ebrfaq\u00ebsuesit e Institutit GAP kan\u00eb mbajtur nj\u00eb ligj\u00ebrat\u00eb. Student\u00ebt e nivelit bachelor dhe master jan\u00eb&hellip;<\/p>\n","protected":false},"author":1,"featured_media":0,"parent":0,"menu_order":0,"comment_status":"closed","ping_status":"closed","template":"","meta":{"footnotes":""},"class_list":["post-22517","page","type-page","status-publish","hentry"],"yoast_head":"<!-- This site is optimized with the Yoast SEO Premium plugin v27.2 (Yoast SEO v27.2) - https:\/\/yoast.com\/product\/yoast-seo-premium-wordpress\/ -->\n<title>Instituti GAP \u2013 Bashk\u00ebpunim &amp; Hulumtim | Fakulteti Juridik UNHZ<\/title>\n<meta name=\"description\" content=\"M\u00ebso rreth bashk\u00ebpunimit me Institutin GAP, partner n\u00eb hulumtime dhe zhvillim t\u00eb njohurive metodologjike p\u00ebr student\u00ebt e Fakultetit Juridik n\u00eb Universitetin \u201cHaxhi Zeka\u201d.\" \/>\n<meta name=\"robots\" content=\"index, follow, max-snippet:-1, max-image-preview:large, max-video-preview:-1\" \/>\n<link rel=\"canonical\" href=\"https:\/\/unhz.eu\/fakulteti-juridik\/instituti-gap\/\" \/>\n<meta property=\"og:locale\" content=\"sq_AL\" \/>\n<meta property=\"og:type\" content=\"article\" \/>\n<meta property=\"og:title\" content=\"Instituti GAP\" \/>\n<meta property=\"og:description\" content=\"M\u00ebso rreth bashk\u00ebpunimit me Institutin GAP, partner n\u00eb hulumtime dhe zhvillim t\u00eb njohurive metodologjike p\u00ebr student\u00ebt e Fakultetit Juridik n\u00eb Universitetin \u201cHaxhi Zeka\u201d.\" \/>\n<meta property=\"og:url\" content=\"https:\/\/unhz.eu\/fakulteti-juridik\/instituti-gap\/\" \/>\n<meta property=\"og:site_name\" content=\"Fakulteti Juridik\" \/>\n<meta property=\"article:modified_time\" content=\"2026-02-06T13:51:25+00:00\" \/>\n<meta property=\"og:image\" content=\"https:\/\/unhz.eu\/fakulteti-juridik\/wp-content\/uploads\/sites\/9\/2024\/04\/WhatsApp-Image-2022-11-24-at-15.39.45.jpeg\" \/>\n<meta name=\"twitter:card\" content=\"summary_large_image\" \/>\n<meta name=\"twitter:label1\" content=\"Est. reading time\" \/>\n\t<meta name=\"twitter:data1\" content=\"2 minuta\" \/>\n<script type=\"application\/ld+json\" class=\"yoast-schema-graph\">{\"@context\":\"https:\/\/schema.org\",\"@graph\":[{\"@type\":\"WebPage\",\"@id\":\"https:\/\/unhz.eu\/fakulteti-juridik\/instituti-gap\/\",\"url\":\"https:\/\/unhz.eu\/fakulteti-juridik\/instituti-gap\/\",\"name\":\"Instituti GAP \u2013 Bashk\u00ebpunim & Hulumtim | Fakulteti Juridik UNHZ\",\"isPartOf\":{\"@id\":\"https:\/\/unhz.eu\/fakulteti-juridik\/#website\"},\"primaryImageOfPage\":{\"@id\":\"https:\/\/unhz.eu\/fakulteti-juridik\/instituti-gap\/#primaryimage\"},\"image\":{\"@id\":\"https:\/\/unhz.eu\/fakulteti-juridik\/instituti-gap\/#primaryimage\"},\"thumbnailUrl\":\"https:\/\/unhz.eu\/fakulteti-juridik\/wp-content\/uploads\/sites\/9\/2024\/04\/WhatsApp-Image-2022-11-24-at-15.39.45.jpeg\",\"datePublished\":\"2024-04-30T09:38:51+00:00\",\"dateModified\":\"2026-02-06T13:51:25+00:00\",\"description\":\"M\u00ebso rreth bashk\u00ebpunimit me Institutin GAP, partner n\u00eb hulumtime dhe zhvillim t\u00eb njohurive metodologjike p\u00ebr student\u00ebt e Fakultetit Juridik n\u00eb Universitetin \u201cHaxhi Zeka\u201d.\",\"breadcrumb\":{\"@id\":\"https:\/\/unhz.eu\/fakulteti-juridik\/instituti-gap\/#breadcrumb\"},\"inLanguage\":\"sq\",\"potentialAction\":[{\"@type\":\"ReadAction\",\"target\":[\"https:\/\/unhz.eu\/fakulteti-juridik\/instituti-gap\/\"]}]},{\"@type\":\"ImageObject\",\"inLanguage\":\"sq\",\"@id\":\"https:\/\/unhz.eu\/fakulteti-juridik\/instituti-gap\/#primaryimage\",\"url\":\"https:\/\/unhz.eu\/fakulteti-juridik\/wp-content\/uploads\/sites\/9\/2024\/04\/WhatsApp-Image-2022-11-24-at-15.39.45.jpeg\",\"contentUrl\":\"https:\/\/unhz.eu\/fakulteti-juridik\/wp-content\/uploads\/sites\/9\/2024\/04\/WhatsApp-Image-2022-11-24-at-15.39.45.jpeg\"},{\"@type\":\"BreadcrumbList\",\"@id\":\"https:\/\/unhz.eu\/fakulteti-juridik\/instituti-gap\/#breadcrumb\",\"itemListElement\":[{\"@type\":\"ListItem\",\"position\":1,\"name\":\"Home\",\"item\":\"https:\/\/unhz.eu\/fakulteti-juridik\/\"},{\"@type\":\"ListItem\",\"position\":2,\"name\":\"Instituti GAP\"}]},{\"@type\":\"WebSite\",\"@id\":\"https:\/\/unhz.eu\/fakulteti-juridik\/#website\",\"url\":\"https:\/\/unhz.eu\/fakulteti-juridik\/\",\"name\":\"Fakulteti Juridik\",\"description\":\"I dedikuar p\u00ebr cil\u00ebsi standarde dhe suksese\",\"publisher\":{\"@id\":\"https:\/\/unhz.eu\/fakulteti-juridik\/#organization\"},\"potentialAction\":[{\"@type\":\"SearchAction\",\"target\":{\"@type\":\"EntryPoint\",\"urlTemplate\":\"https:\/\/unhz.eu\/fakulteti-juridik\/?s={search_term_string}\"},\"query-input\":{\"@type\":\"PropertyValueSpecification\",\"valueRequired\":true,\"valueName\":\"search_term_string\"}}],\"inLanguage\":\"sq\"},{\"@type\":\"Organization\",\"@id\":\"https:\/\/unhz.eu\/fakulteti-juridik\/#organization\",\"name\":\"Fakulteti Juridik\",\"url\":\"https:\/\/unhz.eu\/fakulteti-juridik\/\",\"logo\":{\"@type\":\"ImageObject\",\"inLanguage\":\"sq\",\"@id\":\"https:\/\/unhz.eu\/fakulteti-juridik\/#\/schema\/logo\/image\/\",\"url\":\"https:\/\/unhz.eu\/fakulteti-juridik\/wp-content\/uploads\/sites\/9\/2024\/02\/cropped-logo-1-1-e1713527702695.png\",\"contentUrl\":\"https:\/\/unhz.eu\/fakulteti-juridik\/wp-content\/uploads\/sites\/9\/2024\/02\/cropped-logo-1-1-e1713527702695.png\",\"width\":100,\"height\":100,\"caption\":\"Fakulteti Juridik\"},\"image\":{\"@id\":\"https:\/\/unhz.eu\/fakulteti-juridik\/#\/schema\/logo\/image\/\"}}]}<\/script>\n<!-- \/ Yoast SEO Premium plugin. -->","yoast_head_json":{"title":"Instituti GAP \u2013 Bashk\u00ebpunim & Hulumtim | Fakulteti Juridik UNHZ","description":"M\u00ebso rreth bashk\u00ebpunimit me Institutin GAP, partner n\u00eb hulumtime dhe zhvillim t\u00eb njohurive metodologjike p\u00ebr student\u00ebt e Fakultetit Juridik n\u00eb Universitetin \u201cHaxhi Zeka\u201d.","robots":{"index":"index","follow":"follow","max-snippet":"max-snippet:-1","max-image-preview":"max-image-preview:large","max-video-preview":"max-video-preview:-1"},"canonical":"https:\/\/unhz.eu\/fakulteti-juridik\/instituti-gap\/","og_locale":"sq_AL","og_type":"article","og_title":"Instituti GAP","og_description":"M\u00ebso rreth bashk\u00ebpunimit me Institutin GAP, partner n\u00eb hulumtime dhe zhvillim t\u00eb njohurive metodologjike p\u00ebr student\u00ebt e Fakultetit Juridik n\u00eb Universitetin \u201cHaxhi Zeka\u201d.","og_url":"https:\/\/unhz.eu\/fakulteti-juridik\/instituti-gap\/","og_site_name":"Fakulteti Juridik","article_modified_time":"2026-02-06T13:51:25+00:00","og_image":[{"url":"https:\/\/unhz.eu\/fakulteti-juridik\/wp-content\/uploads\/sites\/9\/2024\/04\/WhatsApp-Image-2022-11-24-at-15.39.45.jpeg","type":"","width":"","height":""}],"twitter_card":"summary_large_image","twitter_misc":{"Est. reading time":"2 minuta"},"schema":{"@context":"https:\/\/schema.org","@graph":[{"@type":"WebPage","@id":"https:\/\/unhz.eu\/fakulteti-juridik\/instituti-gap\/","url":"https:\/\/unhz.eu\/fakulteti-juridik\/instituti-gap\/","name":"Instituti GAP \u2013 Bashk\u00ebpunim & Hulumtim | Fakulteti Juridik UNHZ","isPartOf":{"@id":"https:\/\/unhz.eu\/fakulteti-juridik\/#website"},"primaryImageOfPage":{"@id":"https:\/\/unhz.eu\/fakulteti-juridik\/instituti-gap\/#primaryimage"},"image":{"@id":"https:\/\/unhz.eu\/fakulteti-juridik\/instituti-gap\/#primaryimage"},"thumbnailUrl":"https:\/\/unhz.eu\/fakulteti-juridik\/wp-content\/uploads\/sites\/9\/2024\/04\/WhatsApp-Image-2022-11-24-at-15.39.45.jpeg","datePublished":"2024-04-30T09:38:51+00:00","dateModified":"2026-02-06T13:51:25+00:00","description":"M\u00ebso rreth bashk\u00ebpunimit me Institutin GAP, partner n\u00eb hulumtime dhe zhvillim t\u00eb njohurive metodologjike p\u00ebr student\u00ebt e Fakultetit Juridik n\u00eb Universitetin \u201cHaxhi Zeka\u201d.","breadcrumb":{"@id":"https:\/\/unhz.eu\/fakulteti-juridik\/instituti-gap\/#breadcrumb"},"inLanguage":"sq","potentialAction":[{"@type":"ReadAction","target":["https:\/\/unhz.eu\/fakulteti-juridik\/instituti-gap\/"]}]},{"@type":"ImageObject","inLanguage":"sq","@id":"https:\/\/unhz.eu\/fakulteti-juridik\/instituti-gap\/#primaryimage","url":"https:\/\/unhz.eu\/fakulteti-juridik\/wp-content\/uploads\/sites\/9\/2024\/04\/WhatsApp-Image-2022-11-24-at-15.39.45.jpeg","contentUrl":"https:\/\/unhz.eu\/fakulteti-juridik\/wp-content\/uploads\/sites\/9\/2024\/04\/WhatsApp-Image-2022-11-24-at-15.39.45.jpeg"},{"@type":"BreadcrumbList","@id":"https:\/\/unhz.eu\/fakulteti-juridik\/instituti-gap\/#breadcrumb","itemListElement":[{"@type":"ListItem","position":1,"name":"Home","item":"https:\/\/unhz.eu\/fakulteti-juridik\/"},{"@type":"ListItem","position":2,"name":"Instituti GAP"}]},{"@type":"WebSite","@id":"https:\/\/unhz.eu\/fakulteti-juridik\/#website","url":"https:\/\/unhz.eu\/fakulteti-juridik\/","name":"Fakulteti Juridik","description":"I dedikuar p\u00ebr cil\u00ebsi standarde dhe suksese","publisher":{"@id":"https:\/\/unhz.eu\/fakulteti-juridik\/#organization"},"potentialAction":[{"@type":"SearchAction","target":{"@type":"EntryPoint","urlTemplate":"https:\/\/unhz.eu\/fakulteti-juridik\/?s={search_term_string}"},"query-input":{"@type":"PropertyValueSpecification","valueRequired":true,"valueName":"search_term_string"}}],"inLanguage":"sq"},{"@type":"Organization","@id":"https:\/\/unhz.eu\/fakulteti-juridik\/#organization","name":"Fakulteti Juridik","url":"https:\/\/unhz.eu\/fakulteti-juridik\/","logo":{"@type":"ImageObject","inLanguage":"sq","@id":"https:\/\/unhz.eu\/fakulteti-juridik\/#\/schema\/logo\/image\/","url":"https:\/\/unhz.eu\/fakulteti-juridik\/wp-content\/uploads\/sites\/9\/2024\/02\/cropped-logo-1-1-e1713527702695.png","contentUrl":"https:\/\/unhz.eu\/fakulteti-juridik\/wp-content\/uploads\/sites\/9\/2024\/02\/cropped-logo-1-1-e1713527702695.png","width":100,"height":100,"caption":"Fakulteti Juridik"},"image":{"@id":"https:\/\/unhz.eu\/fakulteti-juridik\/#\/schema\/logo\/image\/"}}]}},"_links":{"self":[{"href":"https:\/\/unhz.eu\/fakulteti-juridik\/wp-json\/wp\/v2\/pages\/22517","targetHints":{"allow":["GET"]}}],"collection":[{"href":"https:\/\/unhz.eu\/fakulteti-juridik\/wp-json\/wp\/v2\/pages"}],"about":[{"href":"https:\/\/unhz.eu\/fakulteti-juridik\/wp-json\/wp\/v2\/types\/page"}],"author":[{"embeddable":true,"href":"https:\/\/unhz.eu\/fakulteti-juridik\/wp-json\/wp\/v2\/users\/1"}],"replies":[{"embeddable":true,"href":"https:\/\/unhz.eu\/fakulteti-juridik\/wp-json\/wp\/v2\/comments?post=22517"}],"version-history":[{"count":1,"href":"https:\/\/unhz.eu\/fakulteti-juridik\/wp-json\/wp\/v2\/pages\/22517\/revisions"}],"predecessor-version":[{"id":51019,"href":"https:\/\/unhz.eu\/fakulteti-juridik\/wp-json\/wp\/v2\/pages\/22517\/revisions\/51019"}],"wp:attachment":[{"href":"https:\/\/unhz.eu\/fakulteti-juridik\/wp-json\/wp\/v2\/media?parent=22517"}],"curies":[{"name":"wp","href":"https:\/\/api.w.org\/{rel}","templated":true}]}}