{"id":22402,"date":"2024-04-25T13:27:01","date_gmt":"2024-04-25T13:27:01","guid":{"rendered":"https:\/\/unhz.eu\/fakulteti-juridik\/?page_id=22402"},"modified":"2026-02-06T16:00:06","modified_gmt":"2026-02-06T14:00:06","slug":"manuali-per-punen-praktike","status":"publish","type":"page","link":"https:\/\/unhz.eu\/fakulteti-juridik\/manuali-per-punen-praktike\/","title":{"rendered":"Manuali p\u00ebr Pun\u00ebn Praktike"},"content":{"rendered":"\t\t<div data-elementor-type=\"wp-page\" data-elementor-id=\"22402\" class=\"elementor elementor-22402\" data-elementor-post-type=\"page\">\n\t\t\t\t\t\t<section class=\"elementor-section elementor-top-section elementor-element elementor-element-46c0561f elementor-section-boxed elementor-section-height-default elementor-section-height-default sc_fly_static\" data-id=\"46c0561f\" data-element_type=\"section\" data-e-type=\"section\">\n\t\t\t\t\t\t<div class=\"elementor-container elementor-column-gap-extended\">\n\t\t\t\t\t<div class=\"elementor-column elementor-col-100 elementor-top-column elementor-element elementor-element-1d9fcf01 sc_content_align_inherit sc_layouts_column_icons_position_left sc_fly_static\" data-id=\"1d9fcf01\" data-element_type=\"column\" data-e-type=\"column\">\n\t\t\t<div class=\"elementor-widget-wrap elementor-element-populated\">\n\t\t\t\t\t\t<div class=\"elementor-element elementor-element-aa8bffd sc_height_small sc_fly_static elementor-widget elementor-widget-spacer\" data-id=\"aa8bffd\" data-element_type=\"widget\" data-e-type=\"widget\" data-widget_type=\"spacer.default\">\n\t\t\t\t<div class=\"elementor-widget-container\">\n\t\t\t\t\t\t\t<div class=\"elementor-spacer\">\n\t\t\t<div class=\"elementor-spacer-inner\"><\/div>\n\t\t<\/div>\n\t\t\t\t\t\t<\/div>\n\t\t\t\t<\/div>\n\t\t\t\t<div class=\"elementor-element elementor-element-2aec1463 sc_fly_static elementor-widget elementor-widget-text-editor\" data-id=\"2aec1463\" data-element_type=\"widget\" data-e-type=\"widget\" data-widget_type=\"text-editor.default\">\n\t\t\t\t<div class=\"elementor-widget-container\">\n\t\t\t\t\t\t\t\t\t\n<p>Ky manual \u00ebsht\u00eb p\u00ebrgatitur p\u00ebr t\u2019ju sh\u00ebrbyer student\u00ebve t\u00eb Universitetit \u201cHaxhi Zeka\u201d n\u00eb Pej\u00eb, dhe nd\u00ebrmarrjeve t\u00eb cilat jan\u00eb t\u00eb interesuara t\u00eb\u00a0 ofrojn\u00eb pun\u00eb praktike p\u00ebr student\u00ebt e k\u00ebtij institucioni.<\/p>\n\n<p>Manuali i pun\u00ebs praktike do t\u00eb sh\u00ebrbej si udh\u00ebzues p\u00ebr t\u00eb drejtuar pun\u00ebn e Qendr\u00ebs p\u00ebr orientim dhe k\u00ebshillim n\u00eb karrier\u00eb dhe informuar student\u00ebt p\u00ebr kriteret dhe hapat q\u00eb duhet ndjekur p\u00ebr t\u00eb p\u00ebrfituar nga puna praktike. Dhe po ashtu do t\u00eb sh\u00ebrbej, si nj\u00eb informator\u00eb\u00a0 p\u00ebr nd\u00ebrmarrjet t\u00eb cilat jan\u00eb t\u00eb interesuara t\u00eb marrin pjes\u00eb\u00a0 n\u00eb programin e praktik\u00ebs dhe kontribuojn\u00eb n\u00eb komunitetin e tyre duke trajnuar fuqin\u00eb e re pun\u00ebtore me shkatht\u00ebsit\u00eb t\u00eb nevojshme p\u00ebr t\u2019u ky\u00e7ur n\u00eb tregun e pun\u00ebs.<\/p>\n\n<p>N\u00eb manual jan\u00eb t\u00eb p\u00ebrfshira p\u00ebrgjegj\u00ebsit\u00eb e koordinatorit t\u00eb pun\u00ebs praktike apo Qendr\u00ebs p\u00ebr Zhvillim t\u00eb Karrier\u00ebs n\u00eb kuad\u00ebr t\u00eb Universitetit, p\u00ebrgjegj\u00ebsit\u00eb e studentit, dhe p\u00ebrgjegj\u00ebsit\u00eb e nd\u00ebrmarrjes; rregullat themelore dhe fazat kryesore t\u00eb pun\u00ebs praktike; dhe formular\u00ebt e nevojsh\u00ebm p\u00ebr pun\u00ebn praktike.<\/p>\n\n<p>Manuali \u00ebsht\u00eb nj\u00eb dokument dinamik q\u00eb mund t\u00eb ndryshoj\u00eb var\u00ebsisht prej nevojave t\u00eb fakulteteve n\u00eb nivel t\u00eb Universitetit, dhe k\u00ebrkesave t\u00eb nd\u00ebrmarrjeve t\u00eb cilat mund t\u00eb dalin n\u00eb pah gjat\u00eb periudh\u00ebs s\u00eb zbatimit t\u00eb programit t\u00eb praktik\u00ebs.<\/p>\n\n<p><a href=\"https:\/\/drive.google.com\/file\/d\/0B1c9UkiZAV3ZNEhIeEVNYjhFVjA\/view?usp=sharing\">Manuali p\u00ebr pun\u00ebn praktike\u00a0<\/a><\/p>\n\n<p><a href=\"https:\/\/drive.google.com\/file\/d\/0B1c9UkiZAV3Za2V0OGxVWEs5T00\/view?usp=sharing\" target=\"_blank\" rel=\"noopener\">Shtojca 1 Shpallja p\u00ebr pun\u00eb praktike<\/a><\/p>\n\n<p><a href=\"https:\/\/drive.google.com\/file\/d\/0B1c9UkiZAV3ZVHg5Y0hxX1NyS00\/view?usp=sharing\">Shtojca 2 P\u00ebrshkrimi i pun\u00ebs p\u00ebr praktikantin nga nd\u00ebrmarrja<\/a><\/p>\n\n<p><a href=\"https:\/\/drive.google.com\/file\/d\/0B1c9UkiZAV3ZNHpCQTFXdWw3aW8\/view?usp=sharing\">Shtojca 3 Aplikacioni p\u00ebr programin e pun\u00ebs praktike p\u00ebr vitin 2014<\/a><\/p>\n\n<p><a href=\"https:\/\/drive.google.com\/file\/d\/0B1c9UkiZAV3ZcllOSmpYb0oxbEk\/view?usp=sharing\">Shtojca 4 CV<\/a><\/p>\n\n<p><a href=\"https:\/\/drive.google.com\/file\/d\/0B1c9UkiZAV3ZVFFic2tQOW0wZDQ\/view?usp=sharing\">Shtojca 5 Marr\u00ebveshje bashk\u00ebpunimi n\u00eb mes t\u00eb institucionit dhe nd\u00ebrmarrjes<\/a><\/p>\n\n<p><a href=\"https:\/\/drive.google.com\/file\/d\/0B1c9UkiZAV3ZejZ3Ung3SWpxNWc\/view?usp=sharing\">Shtojca 6 Marr\u00ebveshje n\u00eb mes t\u00eb koordinatorit t\u00eb pun\u00ebs praktike \u2013 studentit \u2013 nd\u00ebrmarrjes<\/a><\/p>\n\n<p><a href=\"https:\/\/drive.google.com\/file\/d\/0B1c9UkiZAV3ZVmZ0QXRXSVZwMDA\/view?usp=sharing\">Shtojca 7 Udh\u00ebzuesi p\u00ebr student\u00eb gjat\u00eb pun\u00ebs praktike<\/a><\/p>\n\n<p><a href=\"https:\/\/drive.google.com\/file\/d\/0B1c9UkiZAV3ZRnZkeHFsdFRkcjA\/view?usp=sharing\">Shtojca 8 Ditari i pun\u00ebs p\u00ebr praktikantin<\/a><\/p>\n\n<p><a href=\"https:\/\/drive.google.com\/file\/d\/0B1c9UkiZAV3ZS25lX2dsd2pob2M\/view?usp=sharing\">Shtojca 9 Formular\u00eb p\u00ebr vler\u00ebsimin e praktikantit nga koordinatori i pun\u00ebs praktike n\u00eb UHZ<\/a><\/p>\n\n<p><a href=\"https:\/\/drive.google.com\/file\/d\/0B1c9UkiZAV3ZSWJmaTNzUG52Nkk\/view?usp=sharing\">Shtojca 10 Formular\u00eb p\u00ebr vler\u00ebsimin e programit t\u00eb pun\u00ebs praktike nga praktikanti<\/a><\/p>\n\n<p><a href=\"https:\/\/drive.google.com\/file\/d\/0B1c9UkiZAV3ZZzJqU01OcFdjRGc\/view?usp=sharing\" target=\"_blank\" rel=\"noopener\">Shtojca 11 Formular\u00eb p\u00ebr vler\u00ebsimin e programit t\u00eb pun\u00ebs praktike nga nd\u00ebrmarrja<\/a><\/p>\n\n<p><a href=\"https:\/\/drive.google.com\/file\/d\/0B1c9UkiZAV3ZdTYzZkU4TExxZzg\/view?usp=sharing\">Shtojca 12 Raporti i pun\u00ebs praktike p\u00ebr student\u00ebt<\/a><\/p>\n\n<p><a href=\"https:\/\/drive.google.com\/file\/d\/0B1c9UkiZAV3ZV3FpRUNXeHVlWFE\/view?usp=sharing\">Shtojca 13 Formular\u00eb p\u00ebr statusin e pun\u00ebsimit t\u00eb studentit n\u00eb vitin e par\u00eb t\u00eb studimeve<\/a><\/p>\n\n<p><a href=\"https:\/\/drive.google.com\/file\/d\/0B1c9UkiZAV3ZczR2U0NMOU56bUk\/view?usp=sharing\">Shtojca 14 Formular\u00eb p\u00ebr statusin e pun\u00ebsimit t\u00eb studentit n\u00eb fund t\u00eb pun\u00ebs praktike<\/a><\/p>\n\t\t\t\t\t\t\t\t<\/div>\n\t\t\t\t<\/div>\n\t\t\t\t\t<\/div>\n\t\t<\/div>\n\t\t\t\t\t<\/div>\n\t\t<\/section>\n\t\t\t\t<\/div>\n\t\t","protected":false},"excerpt":{"rendered":"<p>Ky manual \u00ebsht\u00eb p\u00ebrgatitur p\u00ebr t\u2019ju sh\u00ebrbyer student\u00ebve t\u00eb Universitetit \u201cHaxhi Zeka\u201d n\u00eb Pej\u00eb, dhe nd\u00ebrmarrjeve t\u00eb cilat jan\u00eb t\u00eb interesuara t\u00eb\u00a0 ofrojn\u00eb pun\u00eb praktike p\u00ebr student\u00ebt e k\u00ebtij institucioni.&hellip;<\/p>\n","protected":false},"author":1,"featured_media":0,"parent":0,"menu_order":0,"comment_status":"closed","ping_status":"closed","template":"","meta":{"footnotes":""},"class_list":["post-22402","page","type-page","status-publish","hentry"],"yoast_head":"<!-- This site is optimized with the Yoast SEO Premium plugin v27.2 (Yoast SEO v27.2) - https:\/\/yoast.com\/product\/yoast-seo-premium-wordpress\/ -->\n<title>Manuali p\u00ebr Pun\u00ebn Praktike \u2013 Udh\u00ebzues p\u00ebr Student\u00eb &amp; Biznese<\/title>\n<meta name=\"description\" content=\"Shiko Manualin p\u00ebr Pun\u00ebn Praktike n\u00eb Fakultetin Juridik t\u00eb Universitetit \u201cHaxhi Zeka\u201d: udh\u00ebzues p\u00ebr student\u00eb, kriteret p\u00ebr pun\u00eb praktike, p\u00ebrgjegj\u00ebsit\u00eb dhe formular\u00ebt e nevojsh\u00ebm.\" \/>\n<meta name=\"robots\" content=\"index, follow, max-snippet:-1, max-image-preview:large, max-video-preview:-1\" \/>\n<link rel=\"canonical\" href=\"https:\/\/unhz.eu\/fakulteti-juridik\/manuali-per-punen-praktike\/\" \/>\n<meta property=\"og:locale\" content=\"sq_AL\" \/>\n<meta property=\"og:type\" content=\"article\" \/>\n<meta property=\"og:title\" content=\"Manuali p\u00ebr Pun\u00ebn Praktike\" \/>\n<meta property=\"og:description\" content=\"Shiko Manualin p\u00ebr Pun\u00ebn Praktike n\u00eb Fakultetin Juridik t\u00eb Universitetit \u201cHaxhi Zeka\u201d: udh\u00ebzues p\u00ebr student\u00eb, kriteret p\u00ebr pun\u00eb praktike, p\u00ebrgjegj\u00ebsit\u00eb dhe formular\u00ebt e nevojsh\u00ebm.\" \/>\n<meta property=\"og:url\" content=\"https:\/\/unhz.eu\/fakulteti-juridik\/manuali-per-punen-praktike\/\" \/>\n<meta property=\"og:site_name\" content=\"Fakulteti Juridik\" \/>\n<meta property=\"article:modified_time\" content=\"2026-02-06T14:00:06+00:00\" \/>\n<meta name=\"twitter:card\" content=\"summary_large_image\" \/>\n<meta name=\"twitter:label1\" content=\"Est. reading time\" \/>\n\t<meta name=\"twitter:data1\" content=\"2 minuta\" \/>\n<script type=\"application\/ld+json\" class=\"yoast-schema-graph\">{\"@context\":\"https:\/\/schema.org\",\"@graph\":[{\"@type\":\"WebPage\",\"@id\":\"https:\/\/unhz.eu\/fakulteti-juridik\/manuali-per-punen-praktike\/\",\"url\":\"https:\/\/unhz.eu\/fakulteti-juridik\/manuali-per-punen-praktike\/\",\"name\":\"Manuali p\u00ebr Pun\u00ebn Praktike \u2013 Udh\u00ebzues p\u00ebr Student\u00eb & Biznese\",\"isPartOf\":{\"@id\":\"https:\/\/unhz.eu\/fakulteti-juridik\/#website\"},\"datePublished\":\"2024-04-25T13:27:01+00:00\",\"dateModified\":\"2026-02-06T14:00:06+00:00\",\"description\":\"Shiko Manualin p\u00ebr Pun\u00ebn Praktike n\u00eb Fakultetin Juridik t\u00eb Universitetit \u201cHaxhi Zeka\u201d: udh\u00ebzues p\u00ebr student\u00eb, kriteret p\u00ebr pun\u00eb praktike, p\u00ebrgjegj\u00ebsit\u00eb dhe formular\u00ebt e nevojsh\u00ebm.\",\"breadcrumb\":{\"@id\":\"https:\/\/unhz.eu\/fakulteti-juridik\/manuali-per-punen-praktike\/#breadcrumb\"},\"inLanguage\":\"sq\",\"potentialAction\":[{\"@type\":\"ReadAction\",\"target\":[\"https:\/\/unhz.eu\/fakulteti-juridik\/manuali-per-punen-praktike\/\"]}]},{\"@type\":\"BreadcrumbList\",\"@id\":\"https:\/\/unhz.eu\/fakulteti-juridik\/manuali-per-punen-praktike\/#breadcrumb\",\"itemListElement\":[{\"@type\":\"ListItem\",\"position\":1,\"name\":\"Home\",\"item\":\"https:\/\/unhz.eu\/fakulteti-juridik\/\"},{\"@type\":\"ListItem\",\"position\":2,\"name\":\"Manuali p\u00ebr Pun\u00ebn Praktike\"}]},{\"@type\":\"WebSite\",\"@id\":\"https:\/\/unhz.eu\/fakulteti-juridik\/#website\",\"url\":\"https:\/\/unhz.eu\/fakulteti-juridik\/\",\"name\":\"Fakulteti Juridik\",\"description\":\"I dedikuar p\u00ebr cil\u00ebsi standarde dhe suksese\",\"publisher\":{\"@id\":\"https:\/\/unhz.eu\/fakulteti-juridik\/#organization\"},\"potentialAction\":[{\"@type\":\"SearchAction\",\"target\":{\"@type\":\"EntryPoint\",\"urlTemplate\":\"https:\/\/unhz.eu\/fakulteti-juridik\/?s={search_term_string}\"},\"query-input\":{\"@type\":\"PropertyValueSpecification\",\"valueRequired\":true,\"valueName\":\"search_term_string\"}}],\"inLanguage\":\"sq\"},{\"@type\":\"Organization\",\"@id\":\"https:\/\/unhz.eu\/fakulteti-juridik\/#organization\",\"name\":\"Fakulteti Juridik\",\"url\":\"https:\/\/unhz.eu\/fakulteti-juridik\/\",\"logo\":{\"@type\":\"ImageObject\",\"inLanguage\":\"sq\",\"@id\":\"https:\/\/unhz.eu\/fakulteti-juridik\/#\/schema\/logo\/image\/\",\"url\":\"https:\/\/unhz.eu\/fakulteti-juridik\/wp-content\/uploads\/sites\/9\/2024\/02\/cropped-logo-1-1-e1713527702695.png\",\"contentUrl\":\"https:\/\/unhz.eu\/fakulteti-juridik\/wp-content\/uploads\/sites\/9\/2024\/02\/cropped-logo-1-1-e1713527702695.png\",\"width\":100,\"height\":100,\"caption\":\"Fakulteti Juridik\"},\"image\":{\"@id\":\"https:\/\/unhz.eu\/fakulteti-juridik\/#\/schema\/logo\/image\/\"}}]}<\/script>\n<!-- \/ Yoast SEO Premium plugin. -->","yoast_head_json":{"title":"Manuali p\u00ebr Pun\u00ebn Praktike \u2013 Udh\u00ebzues p\u00ebr Student\u00eb & Biznese","description":"Shiko Manualin p\u00ebr Pun\u00ebn Praktike n\u00eb Fakultetin Juridik t\u00eb Universitetit \u201cHaxhi Zeka\u201d: udh\u00ebzues p\u00ebr student\u00eb, kriteret p\u00ebr pun\u00eb praktike, p\u00ebrgjegj\u00ebsit\u00eb dhe formular\u00ebt e nevojsh\u00ebm.","robots":{"index":"index","follow":"follow","max-snippet":"max-snippet:-1","max-image-preview":"max-image-preview:large","max-video-preview":"max-video-preview:-1"},"canonical":"https:\/\/unhz.eu\/fakulteti-juridik\/manuali-per-punen-praktike\/","og_locale":"sq_AL","og_type":"article","og_title":"Manuali p\u00ebr Pun\u00ebn Praktike","og_description":"Shiko Manualin p\u00ebr Pun\u00ebn Praktike n\u00eb Fakultetin Juridik t\u00eb Universitetit \u201cHaxhi Zeka\u201d: udh\u00ebzues p\u00ebr student\u00eb, kriteret p\u00ebr pun\u00eb praktike, p\u00ebrgjegj\u00ebsit\u00eb dhe formular\u00ebt e nevojsh\u00ebm.","og_url":"https:\/\/unhz.eu\/fakulteti-juridik\/manuali-per-punen-praktike\/","og_site_name":"Fakulteti Juridik","article_modified_time":"2026-02-06T14:00:06+00:00","twitter_card":"summary_large_image","twitter_misc":{"Est. reading time":"2 minuta"},"schema":{"@context":"https:\/\/schema.org","@graph":[{"@type":"WebPage","@id":"https:\/\/unhz.eu\/fakulteti-juridik\/manuali-per-punen-praktike\/","url":"https:\/\/unhz.eu\/fakulteti-juridik\/manuali-per-punen-praktike\/","name":"Manuali p\u00ebr Pun\u00ebn Praktike \u2013 Udh\u00ebzues p\u00ebr Student\u00eb & Biznese","isPartOf":{"@id":"https:\/\/unhz.eu\/fakulteti-juridik\/#website"},"datePublished":"2024-04-25T13:27:01+00:00","dateModified":"2026-02-06T14:00:06+00:00","description":"Shiko Manualin p\u00ebr Pun\u00ebn Praktike n\u00eb Fakultetin Juridik t\u00eb Universitetit \u201cHaxhi Zeka\u201d: udh\u00ebzues p\u00ebr student\u00eb, kriteret p\u00ebr pun\u00eb praktike, p\u00ebrgjegj\u00ebsit\u00eb dhe formular\u00ebt e nevojsh\u00ebm.","breadcrumb":{"@id":"https:\/\/unhz.eu\/fakulteti-juridik\/manuali-per-punen-praktike\/#breadcrumb"},"inLanguage":"sq","potentialAction":[{"@type":"ReadAction","target":["https:\/\/unhz.eu\/fakulteti-juridik\/manuali-per-punen-praktike\/"]}]},{"@type":"BreadcrumbList","@id":"https:\/\/unhz.eu\/fakulteti-juridik\/manuali-per-punen-praktike\/#breadcrumb","itemListElement":[{"@type":"ListItem","position":1,"name":"Home","item":"https:\/\/unhz.eu\/fakulteti-juridik\/"},{"@type":"ListItem","position":2,"name":"Manuali p\u00ebr Pun\u00ebn Praktike"}]},{"@type":"WebSite","@id":"https:\/\/unhz.eu\/fakulteti-juridik\/#website","url":"https:\/\/unhz.eu\/fakulteti-juridik\/","name":"Fakulteti Juridik","description":"I dedikuar p\u00ebr cil\u00ebsi standarde dhe suksese","publisher":{"@id":"https:\/\/unhz.eu\/fakulteti-juridik\/#organization"},"potentialAction":[{"@type":"SearchAction","target":{"@type":"EntryPoint","urlTemplate":"https:\/\/unhz.eu\/fakulteti-juridik\/?s={search_term_string}"},"query-input":{"@type":"PropertyValueSpecification","valueRequired":true,"valueName":"search_term_string"}}],"inLanguage":"sq"},{"@type":"Organization","@id":"https:\/\/unhz.eu\/fakulteti-juridik\/#organization","name":"Fakulteti Juridik","url":"https:\/\/unhz.eu\/fakulteti-juridik\/","logo":{"@type":"ImageObject","inLanguage":"sq","@id":"https:\/\/unhz.eu\/fakulteti-juridik\/#\/schema\/logo\/image\/","url":"https:\/\/unhz.eu\/fakulteti-juridik\/wp-content\/uploads\/sites\/9\/2024\/02\/cropped-logo-1-1-e1713527702695.png","contentUrl":"https:\/\/unhz.eu\/fakulteti-juridik\/wp-content\/uploads\/sites\/9\/2024\/02\/cropped-logo-1-1-e1713527702695.png","width":100,"height":100,"caption":"Fakulteti Juridik"},"image":{"@id":"https:\/\/unhz.eu\/fakulteti-juridik\/#\/schema\/logo\/image\/"}}]}},"_links":{"self":[{"href":"https:\/\/unhz.eu\/fakulteti-juridik\/wp-json\/wp\/v2\/pages\/22402","targetHints":{"allow":["GET"]}}],"collection":[{"href":"https:\/\/unhz.eu\/fakulteti-juridik\/wp-json\/wp\/v2\/pages"}],"about":[{"href":"https:\/\/unhz.eu\/fakulteti-juridik\/wp-json\/wp\/v2\/types\/page"}],"author":[{"embeddable":true,"href":"https:\/\/unhz.eu\/fakulteti-juridik\/wp-json\/wp\/v2\/users\/1"}],"replies":[{"embeddable":true,"href":"https:\/\/unhz.eu\/fakulteti-juridik\/wp-json\/wp\/v2\/comments?post=22402"}],"version-history":[{"count":1,"href":"https:\/\/unhz.eu\/fakulteti-juridik\/wp-json\/wp\/v2\/pages\/22402\/revisions"}],"predecessor-version":[{"id":51027,"href":"https:\/\/unhz.eu\/fakulteti-juridik\/wp-json\/wp\/v2\/pages\/22402\/revisions\/51027"}],"wp:attachment":[{"href":"https:\/\/unhz.eu\/fakulteti-juridik\/wp-json\/wp\/v2\/media?parent=22402"}],"curies":[{"name":"wp","href":"https:\/\/api.w.org\/{rel}","templated":true}]}}