{"id":22726,"date":"2024-05-02T09:19:56","date_gmt":"2024-05-02T09:19:56","guid":{"rendered":"https:\/\/unhz.eu\/fakulteti-i-arteve\/?page_id=22726"},"modified":"2026-01-06T15:58:53","modified_gmt":"2026-01-06T13:58:53","slug":"lista-e-studenteve-te-regjistruar","status":"publish","type":"page","link":"https:\/\/unhz.eu\/fakulteti-i-arteve\/lista-e-studenteve-te-regjistruar\/","title":{"rendered":"Lista e student\u00ebve t\u00eb Regjistruar"},"content":{"rendered":"\t\t<div data-elementor-type=\"wp-page\" data-elementor-id=\"22726\" class=\"elementor elementor-22726\" data-elementor-post-type=\"page\">\n\t\t\t\t\t\t<section class=\"elementor-section elementor-top-section elementor-element elementor-element-8127a3e elementor-section-boxed elementor-section-height-default elementor-section-height-default sc_fly_static\" data-id=\"8127a3e\" data-element_type=\"section\" data-e-type=\"section\">\n\t\t\t\t\t\t<div class=\"elementor-container elementor-column-gap-extended\">\n\t\t\t\t\t<div class=\"elementor-column elementor-col-100 elementor-top-column elementor-element elementor-element-513af3b sc_content_align_inherit sc_layouts_column_icons_position_left sc_fly_static\" data-id=\"513af3b\" data-element_type=\"column\" data-e-type=\"column\">\n\t\t\t<div class=\"elementor-widget-wrap elementor-element-populated\">\n\t\t\t\t\t\t<div class=\"elementor-element elementor-element-66cc4fb sc_fly_static elementor-widget elementor-widget-trx_sc_title\" data-id=\"66cc4fb\" data-element_type=\"widget\" data-e-type=\"widget\" data-widget_type=\"trx_sc_title.default\">\n\t\t\t\t<div class=\"elementor-widget-container\">\n\t\t\t\t\t<div\t\tclass=\"sc_title sc_title_default\" ><span class=\"sc_item_subtitle sc_title_subtitle sc_item_subtitle_above sc_item_title_style_default\">Rreth<\/span><h4 class=\"sc_item_title sc_title_title sc_item_title_style_default sc_item_title_tag\"\n\t\t\t><span class=\"sc_item_title_text\">Statistikave per student t\u00eb regjistruar<\/span><\/h4><\/div>\t\t\t\t<\/div>\n\t\t\t\t<\/div>\n\t\t\t\t<div class=\"elementor-element elementor-element-d8f629f sc_fly_static elementor-widget elementor-widget-spacer\" data-id=\"d8f629f\" data-element_type=\"widget\" data-e-type=\"widget\" data-widget_type=\"spacer.default\">\n\t\t\t\t<div class=\"elementor-widget-container\">\n\t\t\t\t\t\t\t<div class=\"elementor-spacer\">\n\t\t\t<div class=\"elementor-spacer-inner\"><\/div>\n\t\t<\/div>\n\t\t\t\t\t\t<\/div>\n\t\t\t\t<\/div>\n\t\t\t\t\t<\/div>\n\t\t<\/div>\n\t\t\t\t\t<\/div>\n\t\t<\/section>\n\t\t\t\t<section class=\"elementor-section elementor-top-section elementor-element elementor-element-712a382 elementor-section-boxed elementor-section-height-default elementor-section-height-default sc_fly_static\" data-id=\"712a382\" data-element_type=\"section\" data-e-type=\"section\">\n\t\t\t\t\t\t<div class=\"elementor-container elementor-column-gap-extended\">\n\t\t\t\t\t<div class=\"elementor-column elementor-col-100 elementor-top-column elementor-element elementor-element-b7743c3 sc_content_align_inherit sc_layouts_column_icons_position_left sc_fly_static\" data-id=\"b7743c3\" data-element_type=\"column\" data-e-type=\"column\">\n\t\t\t<div class=\"elementor-widget-wrap elementor-element-populated\">\n\t\t\t\t\t\t<div class=\"elementor-element elementor-element-82a70e1 sc_fly_static elementor-widget elementor-widget-text-editor\" data-id=\"82a70e1\" data-element_type=\"widget\" data-e-type=\"widget\" data-widget_type=\"text-editor.default\">\n\t\t\t\t<div class=\"elementor-widget-container\">\n\t\t\t\t\t\t\t\t\t<table class=\"mtr-table mtr-tr-td\"><tbody><tr><td class=\"mtr-td-tag\" data-mtr-content=\"Emri\"><div class=\"mtr-cell-content\">Emri<\/div><\/td><td class=\"mtr-td-tag\" data-mtr-content=\"Viti\"><div class=\"mtr-cell-content\">Viti<\/div><\/td><td class=\"mtr-td-tag\" data-mtr-content=\"Download\"><div class=\"mtr-cell-content\">Download<\/div><\/td><\/tr><tr><td class=\"mtr-td-tag\" data-mtr-content=\"Emri\"><div class=\"mtr-cell-content\">Raporti per noten mesatare<\/div><\/td><td class=\"mtr-td-tag\" data-mtr-content=\"Viti\"><div class=\"mtr-cell-content\">2020-21<\/div><\/td><td class=\"mtr-td-tag\" data-mtr-content=\"Download\"><div class=\"mtr-cell-content\"><a href=\"https:\/\/drive.google.com\/file\/d\/1lw0XECjWdPALOu-M_vzkuox9OqVrYDQS\/view?usp=sharing\" target=\"_blank\" rel=\"noreferrer noopener\">Download<\/a><\/div><\/td><\/tr><tr><td class=\"mtr-td-tag\" data-mtr-content=\"Emri\"><div class=\"mtr-cell-content\">Raporti per noten mesatare<\/div><\/td><td class=\"mtr-td-tag\" data-mtr-content=\"Viti\"><div class=\"mtr-cell-content\">2021-22<\/div><\/td><td class=\"mtr-td-tag\" data-mtr-content=\"Download\"><div class=\"mtr-cell-content\"><a href=\"https:\/\/drive.google.com\/file\/d\/1vA4fgtVmVHHKVhkm23z42-BAWxlCKON6\/view?usp=sharing\" target=\"_blank\" rel=\"noreferrer noopener\">Download<\/a><\/div><\/td><\/tr><tr><td class=\"mtr-td-tag\" data-mtr-content=\"Emri\"><div class=\"mtr-cell-content\">Raporti per noten mesatare te pergjitshme<\/div><\/td><td class=\"mtr-td-tag\" data-mtr-content=\"Viti\"><div class=\"mtr-cell-content\">2013-14<\/div><\/td><td class=\"mtr-td-tag\" data-mtr-content=\"Download\"><div class=\"mtr-cell-content\"><a href=\"https:\/\/drive.google.com\/file\/d\/1xv_QP8BkhD8BHWc3Awn_yiGizZY8Db4r\/view?usp=sharing\" target=\"_blank\" rel=\"noreferrer noopener\">Download<\/a><\/div><\/td><\/tr><tr><td class=\"mtr-td-tag\" data-mtr-content=\"Emri\"><div class=\"mtr-cell-content\">Raporti per noten mesatare te pergjitshme<\/div><\/td><td class=\"mtr-td-tag\" data-mtr-content=\"Viti\"><div class=\"mtr-cell-content\">2014-15<\/div><\/td><td class=\"mtr-td-tag\" data-mtr-content=\"Download\"><div class=\"mtr-cell-content\"><a href=\"https:\/\/drive.google.com\/file\/d\/1odcDXq4Uvhmru5KnLERIPW94ZlKxHdXh\/view?usp=sharing\" target=\"_blank\" rel=\"noreferrer noopener\">Download<\/a><\/div><\/td><\/tr><tr><td class=\"mtr-td-tag\" data-mtr-content=\"Emri\"><div class=\"mtr-cell-content\">Raporti per noten mesatare te pergjitshme<\/div><\/td><td class=\"mtr-td-tag\" data-mtr-content=\"Viti\"><div class=\"mtr-cell-content\">2015-16<\/div><\/td><td class=\"mtr-td-tag\" data-mtr-content=\"Download\"><div class=\"mtr-cell-content\"><a href=\"https:\/\/drive.google.com\/file\/d\/1Y70Qzlzzia7cLf2Bao3o-ZZDQangn9IX\/view?usp=sharing\" target=\"_blank\" rel=\"noreferrer noopener\">Download<\/a><\/div><\/td><\/tr><tr><td class=\"mtr-td-tag\" data-mtr-content=\"Emri\"><div class=\"mtr-cell-content\">Raporti per noten mesatare te pergjitshme<\/div><\/td><td class=\"mtr-td-tag\" data-mtr-content=\"Viti\"><div class=\"mtr-cell-content\">2016-17<\/div><\/td><td class=\"mtr-td-tag\" data-mtr-content=\"Download\"><div class=\"mtr-cell-content\"><a href=\"https:\/\/drive.google.com\/file\/d\/1WCFhvXxmbdZXeTbnyO6Azk_83CQT_Jyy\/view?usp=sharing\" target=\"_blank\" rel=\"noreferrer noopener\">Download<\/a><\/div><\/td><\/tr><tr><td class=\"mtr-td-tag\" data-mtr-content=\"Emri\"><div class=\"mtr-cell-content\">Raporti per noten mesatare te pergjitshme<\/div><\/td><td class=\"mtr-td-tag\" data-mtr-content=\"Viti\"><div class=\"mtr-cell-content\">2017-18<\/div><\/td><td class=\"mtr-td-tag\" data-mtr-content=\"Download\"><div class=\"mtr-cell-content\"><a href=\"https:\/\/drive.google.com\/file\/d\/1CCVq5mYAy7Tb_ReiSkUW2RgeXZW7g9sh\/view?usp=sharing\" target=\"_blank\" rel=\"noreferrer noopener\">Download<\/a><\/div><\/td><\/tr><tr><td class=\"mtr-td-tag\" data-mtr-content=\"Emri\"><div class=\"mtr-cell-content\">Raporti per noten mesatare te pergjitshme<\/div><\/td><td class=\"mtr-td-tag\" data-mtr-content=\"Viti\"><div class=\"mtr-cell-content\">2018-19<\/div><\/td><td class=\"mtr-td-tag\" data-mtr-content=\"Download\"><div class=\"mtr-cell-content\"><a href=\"https:\/\/drive.google.com\/file\/d\/1OsF7fPF7N8wf1habrFK2ktYHsm1oRCnq\/view?usp=sharing\" target=\"_blank\" rel=\"noreferrer noopener\">Download<\/a><\/div><\/td><\/tr><tr><td class=\"mtr-td-tag\" data-mtr-content=\"Emri\"><div class=\"mtr-cell-content\">Raporti per noten mesatare te pergjitshme<\/div><\/td><td class=\"mtr-td-tag\" data-mtr-content=\"Viti\"><div class=\"mtr-cell-content\">2019-20<\/div><\/td><td class=\"mtr-td-tag\" data-mtr-content=\"Download\"><div class=\"mtr-cell-content\"><a href=\"https:\/\/drive.google.com\/file\/d\/1OsF7fPF7N8wf1habrFK2ktYHsm1oRCnq\/view?usp=sharing\" target=\"_blank\" rel=\"noreferrer noopener\">Download<\/a><\/div><\/td><\/tr><tr><td class=\"mtr-td-tag\" data-mtr-content=\"Emri\"><div class=\"mtr-cell-content\">Raporti per noten mesatare te pergjitshme<\/div><\/td><td class=\"mtr-td-tag\" data-mtr-content=\"Viti\"><div class=\"mtr-cell-content\">2020-21<\/div><\/td><td class=\"mtr-td-tag\" data-mtr-content=\"Download\"><div class=\"mtr-cell-content\"><a href=\"https:\/\/drive.google.com\/file\/d\/1W7GT6Xqdd-2bZP2I2Hk-7AapBPzZMrKN\/view?usp=sharing\" target=\"_blank\" rel=\"noreferrer noopener\">Download<\/a><\/div><\/td><\/tr><tr><td class=\"mtr-td-tag\" data-mtr-content=\"Emri\"><div class=\"mtr-cell-content\">Raporti per noten mesatare te pergjitshme<\/div><\/td><td class=\"mtr-td-tag\" data-mtr-content=\"Viti\"><div class=\"mtr-cell-content\">2021-22<\/div><\/td><td class=\"mtr-td-tag\" data-mtr-content=\"Download\"><div class=\"mtr-cell-content\"><a href=\"https:\/\/drive.google.com\/file\/d\/1bdIMudUyUNEUAr3DgsQUYFYQ0q_pxo2P\/view?usp=sharing\" target=\"_blank\" rel=\"noreferrer noopener\">Download<\/a><\/div><\/td><\/tr><tr><td class=\"mtr-td-tag\" data-mtr-content=\"Emri\"><div class=\"mtr-cell-content\">Statistikat per studentet e regjistruar dhe te diplomuar<\/div><\/td><td class=\"mtr-td-tag\" data-mtr-content=\"Viti\"><div class=\"mtr-cell-content\">2021-22<\/div><\/td><td class=\"mtr-td-tag\" data-mtr-content=\"Download\"><div class=\"mtr-cell-content\"><a href=\"https:\/\/docs.google.com\/spreadsheets\/d\/1Eg5hvpgnsgu7WokVVJX5VeLQ-t0R0upA\/edit?usp=sharing&amp;ouid=117231413313268111471&amp;rtpof=true&amp;sd=true\" target=\"_blank\" rel=\"noreferrer noopener\">Download<\/a><\/div><\/td><\/tr><\/tbody><\/table>\t\t\t\t\t\t\t\t<\/div>\n\t\t\t\t<\/div>\n\t\t\t\t\t<\/div>\n\t\t<\/div>\n\t\t\t\t\t<\/div>\n\t\t<\/section>\n\t\t\t\t<\/div>\n\t\t","protected":false},"excerpt":{"rendered":"<p>Rreth Statistikave per student t\u00eb regjistruar Emri Viti Download Raporti per noten mesatare 2020-21 Download Raporti per noten mesatare 2021-22 Download Raporti per noten mesatare te pergjitshme 2013-14 Download Raporti&hellip;<\/p>\n","protected":false},"author":1,"featured_media":0,"parent":0,"menu_order":0,"comment_status":"closed","ping_status":"closed","template":"","meta":{"footnotes":""},"class_list":["post-22726","page","type-page","status-publish","hentry"],"yoast_head":"<!-- This site is optimized with the Yoast SEO Premium plugin v27.2 (Yoast SEO v27.2) - https:\/\/yoast.com\/product\/yoast-seo-premium-wordpress\/ -->\n<title>Lista student\u00ebve t\u00eb regjistruar Fakulteti Arteve (UHZ)<\/title>\n<meta name=\"description\" content=\"Shiko list\u00ebn e student\u00ebve t\u00eb regjistruar n\u00eb Fakultetin e Arteve t\u00eb Universitetit \u201cHaxhi Zeka\u201d (UHZ). Lista p\u00ebrmban emrat e student\u00ebve p\u00ebr vitet akademike aktuale dhe informacionet zyrtare t\u00eb regjistrimit.\" \/>\n<meta name=\"robots\" content=\"index, follow, max-snippet:-1, max-image-preview:large, max-video-preview:-1\" \/>\n<link rel=\"canonical\" href=\"https:\/\/unhz.eu\/fakulteti-i-arteve\/lista-e-studenteve-te-regjistruar\/\" \/>\n<meta property=\"og:locale\" content=\"sq_AL\" \/>\n<meta property=\"og:type\" content=\"article\" \/>\n<meta property=\"og:title\" content=\"Lista e student\u00ebve t\u00eb Regjistruar\" \/>\n<meta property=\"og:description\" content=\"Shiko list\u00ebn e student\u00ebve t\u00eb regjistruar n\u00eb Fakultetin e Arteve t\u00eb Universitetit \u201cHaxhi Zeka\u201d (UHZ). Lista p\u00ebrmban emrat e student\u00ebve p\u00ebr vitet akademike aktuale dhe informacionet zyrtare t\u00eb regjistrimit.\" \/>\n<meta property=\"og:url\" content=\"https:\/\/unhz.eu\/fakulteti-i-arteve\/lista-e-studenteve-te-regjistruar\/\" \/>\n<meta property=\"og:site_name\" content=\"Fakulteti i Arteve\" \/>\n<meta property=\"article:modified_time\" content=\"2026-01-06T13:58:53+00:00\" \/>\n<meta name=\"twitter:card\" content=\"summary_large_image\" \/>\n<meta name=\"twitter:label1\" content=\"Est. reading time\" \/>\n\t<meta name=\"twitter:data1\" content=\"1 minut\u00eb\" \/>\n<script type=\"application\/ld+json\" class=\"yoast-schema-graph\">{\"@context\":\"https:\/\/schema.org\",\"@graph\":[{\"@type\":\"WebPage\",\"@id\":\"https:\/\/unhz.eu\/fakulteti-i-arteve\/lista-e-studenteve-te-regjistruar\/\",\"url\":\"https:\/\/unhz.eu\/fakulteti-i-arteve\/lista-e-studenteve-te-regjistruar\/\",\"name\":\"Lista student\u00ebve t\u00eb regjistruar Fakulteti Arteve (UHZ)\",\"isPartOf\":{\"@id\":\"https:\/\/unhz.eu\/fakulteti-i-arteve\/#website\"},\"datePublished\":\"2024-05-02T09:19:56+00:00\",\"dateModified\":\"2026-01-06T13:58:53+00:00\",\"description\":\"Shiko list\u00ebn e student\u00ebve t\u00eb regjistruar n\u00eb Fakultetin e Arteve t\u00eb Universitetit \u201cHaxhi Zeka\u201d (UHZ). Lista p\u00ebrmban emrat e student\u00ebve p\u00ebr vitet akademike aktuale dhe informacionet zyrtare t\u00eb regjistrimit.\",\"breadcrumb\":{\"@id\":\"https:\/\/unhz.eu\/fakulteti-i-arteve\/lista-e-studenteve-te-regjistruar\/#breadcrumb\"},\"inLanguage\":\"sq\",\"potentialAction\":[{\"@type\":\"ReadAction\",\"target\":[\"https:\/\/unhz.eu\/fakulteti-i-arteve\/lista-e-studenteve-te-regjistruar\/\"]}]},{\"@type\":\"BreadcrumbList\",\"@id\":\"https:\/\/unhz.eu\/fakulteti-i-arteve\/lista-e-studenteve-te-regjistruar\/#breadcrumb\",\"itemListElement\":[{\"@type\":\"ListItem\",\"position\":1,\"name\":\"Home\",\"item\":\"https:\/\/unhz.eu\/fakulteti-i-arteve\/\"},{\"@type\":\"ListItem\",\"position\":2,\"name\":\"Lista e student\u00ebve t\u00eb Regjistruar\"}]},{\"@type\":\"WebSite\",\"@id\":\"https:\/\/unhz.eu\/fakulteti-i-arteve\/#website\",\"url\":\"https:\/\/unhz.eu\/fakulteti-i-arteve\/\",\"name\":\"Fakulteti i Arteve\",\"description\":\"I dedikuar p\u00ebr cil\u00ebsi standarde dhe suksese\",\"publisher\":{\"@id\":\"https:\/\/unhz.eu\/fakulteti-i-arteve\/#organization\"},\"potentialAction\":[{\"@type\":\"SearchAction\",\"target\":{\"@type\":\"EntryPoint\",\"urlTemplate\":\"https:\/\/unhz.eu\/fakulteti-i-arteve\/?s={search_term_string}\"},\"query-input\":{\"@type\":\"PropertyValueSpecification\",\"valueRequired\":true,\"valueName\":\"search_term_string\"}}],\"inLanguage\":\"sq\"},{\"@type\":\"Organization\",\"@id\":\"https:\/\/unhz.eu\/fakulteti-i-arteve\/#organization\",\"name\":\"Fakulteti i Arteve\",\"url\":\"https:\/\/unhz.eu\/fakulteti-i-arteve\/\",\"logo\":{\"@type\":\"ImageObject\",\"inLanguage\":\"sq\",\"@id\":\"https:\/\/unhz.eu\/fakulteti-i-arteve\/#\/schema\/logo\/image\/\",\"url\":\"https:\/\/unhz.eu\/fakulteti-i-arteve\/wp-content\/uploads\/sites\/8\/2024\/02\/cropped-logo-1-1-e1713527702695.png\",\"contentUrl\":\"https:\/\/unhz.eu\/fakulteti-i-arteve\/wp-content\/uploads\/sites\/8\/2024\/02\/cropped-logo-1-1-e1713527702695.png\",\"width\":100,\"height\":100,\"caption\":\"Fakulteti i Arteve\"},\"image\":{\"@id\":\"https:\/\/unhz.eu\/fakulteti-i-arteve\/#\/schema\/logo\/image\/\"}}]}<\/script>\n<!-- \/ Yoast SEO Premium plugin. -->","yoast_head_json":{"title":"Lista student\u00ebve t\u00eb regjistruar Fakulteti Arteve (UHZ)","description":"Shiko list\u00ebn e student\u00ebve t\u00eb regjistruar n\u00eb Fakultetin e Arteve t\u00eb Universitetit \u201cHaxhi Zeka\u201d (UHZ). Lista p\u00ebrmban emrat e student\u00ebve p\u00ebr vitet akademike aktuale dhe informacionet zyrtare t\u00eb regjistrimit.","robots":{"index":"index","follow":"follow","max-snippet":"max-snippet:-1","max-image-preview":"max-image-preview:large","max-video-preview":"max-video-preview:-1"},"canonical":"https:\/\/unhz.eu\/fakulteti-i-arteve\/lista-e-studenteve-te-regjistruar\/","og_locale":"sq_AL","og_type":"article","og_title":"Lista e student\u00ebve t\u00eb Regjistruar","og_description":"Shiko list\u00ebn e student\u00ebve t\u00eb regjistruar n\u00eb Fakultetin e Arteve t\u00eb Universitetit \u201cHaxhi Zeka\u201d (UHZ). Lista p\u00ebrmban emrat e student\u00ebve p\u00ebr vitet akademike aktuale dhe informacionet zyrtare t\u00eb regjistrimit.","og_url":"https:\/\/unhz.eu\/fakulteti-i-arteve\/lista-e-studenteve-te-regjistruar\/","og_site_name":"Fakulteti i Arteve","article_modified_time":"2026-01-06T13:58:53+00:00","twitter_card":"summary_large_image","twitter_misc":{"Est. reading time":"1 minut\u00eb"},"schema":{"@context":"https:\/\/schema.org","@graph":[{"@type":"WebPage","@id":"https:\/\/unhz.eu\/fakulteti-i-arteve\/lista-e-studenteve-te-regjistruar\/","url":"https:\/\/unhz.eu\/fakulteti-i-arteve\/lista-e-studenteve-te-regjistruar\/","name":"Lista student\u00ebve t\u00eb regjistruar Fakulteti Arteve (UHZ)","isPartOf":{"@id":"https:\/\/unhz.eu\/fakulteti-i-arteve\/#website"},"datePublished":"2024-05-02T09:19:56+00:00","dateModified":"2026-01-06T13:58:53+00:00","description":"Shiko list\u00ebn e student\u00ebve t\u00eb regjistruar n\u00eb Fakultetin e Arteve t\u00eb Universitetit \u201cHaxhi Zeka\u201d (UHZ). Lista p\u00ebrmban emrat e student\u00ebve p\u00ebr vitet akademike aktuale dhe informacionet zyrtare t\u00eb regjistrimit.","breadcrumb":{"@id":"https:\/\/unhz.eu\/fakulteti-i-arteve\/lista-e-studenteve-te-regjistruar\/#breadcrumb"},"inLanguage":"sq","potentialAction":[{"@type":"ReadAction","target":["https:\/\/unhz.eu\/fakulteti-i-arteve\/lista-e-studenteve-te-regjistruar\/"]}]},{"@type":"BreadcrumbList","@id":"https:\/\/unhz.eu\/fakulteti-i-arteve\/lista-e-studenteve-te-regjistruar\/#breadcrumb","itemListElement":[{"@type":"ListItem","position":1,"name":"Home","item":"https:\/\/unhz.eu\/fakulteti-i-arteve\/"},{"@type":"ListItem","position":2,"name":"Lista e student\u00ebve t\u00eb Regjistruar"}]},{"@type":"WebSite","@id":"https:\/\/unhz.eu\/fakulteti-i-arteve\/#website","url":"https:\/\/unhz.eu\/fakulteti-i-arteve\/","name":"Fakulteti i Arteve","description":"I dedikuar p\u00ebr cil\u00ebsi standarde dhe suksese","publisher":{"@id":"https:\/\/unhz.eu\/fakulteti-i-arteve\/#organization"},"potentialAction":[{"@type":"SearchAction","target":{"@type":"EntryPoint","urlTemplate":"https:\/\/unhz.eu\/fakulteti-i-arteve\/?s={search_term_string}"},"query-input":{"@type":"PropertyValueSpecification","valueRequired":true,"valueName":"search_term_string"}}],"inLanguage":"sq"},{"@type":"Organization","@id":"https:\/\/unhz.eu\/fakulteti-i-arteve\/#organization","name":"Fakulteti i Arteve","url":"https:\/\/unhz.eu\/fakulteti-i-arteve\/","logo":{"@type":"ImageObject","inLanguage":"sq","@id":"https:\/\/unhz.eu\/fakulteti-i-arteve\/#\/schema\/logo\/image\/","url":"https:\/\/unhz.eu\/fakulteti-i-arteve\/wp-content\/uploads\/sites\/8\/2024\/02\/cropped-logo-1-1-e1713527702695.png","contentUrl":"https:\/\/unhz.eu\/fakulteti-i-arteve\/wp-content\/uploads\/sites\/8\/2024\/02\/cropped-logo-1-1-e1713527702695.png","width":100,"height":100,"caption":"Fakulteti i Arteve"},"image":{"@id":"https:\/\/unhz.eu\/fakulteti-i-arteve\/#\/schema\/logo\/image\/"}}]}},"_links":{"self":[{"href":"https:\/\/unhz.eu\/fakulteti-i-arteve\/wp-json\/wp\/v2\/pages\/22726","targetHints":{"allow":["GET"]}}],"collection":[{"href":"https:\/\/unhz.eu\/fakulteti-i-arteve\/wp-json\/wp\/v2\/pages"}],"about":[{"href":"https:\/\/unhz.eu\/fakulteti-i-arteve\/wp-json\/wp\/v2\/types\/page"}],"author":[{"embeddable":true,"href":"https:\/\/unhz.eu\/fakulteti-i-arteve\/wp-json\/wp\/v2\/users\/1"}],"replies":[{"embeddable":true,"href":"https:\/\/unhz.eu\/fakulteti-i-arteve\/wp-json\/wp\/v2\/comments?post=22726"}],"version-history":[{"count":1,"href":"https:\/\/unhz.eu\/fakulteti-i-arteve\/wp-json\/wp\/v2\/pages\/22726\/revisions"}],"predecessor-version":[{"id":49444,"href":"https:\/\/unhz.eu\/fakulteti-i-arteve\/wp-json\/wp\/v2\/pages\/22726\/revisions\/49444"}],"wp:attachment":[{"href":"https:\/\/unhz.eu\/fakulteti-i-arteve\/wp-json\/wp\/v2\/media?parent=22726"}],"curies":[{"name":"wp","href":"https:\/\/api.w.org\/{rel}","templated":true}]}}