{"id":49310,"date":"2025-11-11T08:59:46","date_gmt":"2025-11-11T08:59:46","guid":{"rendered":"https:\/\/unhz.eu\/fakulteti-i-agrobiznesit\/?page_id=49310"},"modified":"2026-02-06T09:52:20","modified_gmt":"2026-02-06T09:52:20","slug":"bashkepunetoret-e-jashtem","status":"publish","type":"page","link":"https:\/\/unhz.eu\/fakulteti-i-agrobiznesit\/bashkepunetoret-e-jashtem\/","title":{"rendered":"Bashk\u00ebpun\u00ebtor\u00ebt e Jasht\u00ebm"},"content":{"rendered":"\n<p>Bashk\u00ebpun\u00ebtor\u00ebt e jasht\u00ebm p\u00ebr vitin akademik 2025-2026<\/p>\n\n\n\n<p>1.&nbsp;&nbsp;&nbsp;&nbsp;&nbsp; Prof.Dr. Ilmi Hoxha,<\/p>\n\n\n\n<p>2.&nbsp;&nbsp;&nbsp;&nbsp;&nbsp; Prof.Dr. Renata Kongoli,&nbsp;<\/p>\n\n\n\n<p>3.&nbsp;&nbsp;&nbsp;&nbsp;&nbsp; Prof.Asoc.Dr. Fejzullah Beha,<\/p>\n\n\n\n<p>4.&nbsp;&nbsp;&nbsp;&nbsp;&nbsp; Prof.Asoc.Dr. Laura Naka,<\/p>\n\n\n\n<p>5.&nbsp;&nbsp;&nbsp;&nbsp;&nbsp; Dr.sc. Artur Morina,<\/p>\n\n\n\n<p>6.&nbsp;&nbsp;&nbsp;&nbsp;&nbsp; Dr.sc. Filipos Ruxho,<\/p>\n\n\n\n<p>7.&nbsp;&nbsp;&nbsp;&nbsp;&nbsp; Dr.sc. Bekri Xhemali,<\/p>\n\n\n\n<p>8.&nbsp;&nbsp;&nbsp;&nbsp;&nbsp; Dr.sc. Arian Gashi ,<\/p>\n\n\n\n<p>9.&nbsp;&nbsp;&nbsp;&nbsp;&nbsp; Dr.sc. Vlora Gashi,&nbsp;<\/p>\n\n\n\n<p>10.&nbsp;&nbsp;&nbsp; Dr.sc. Dem\u00eb Abazi,&nbsp;<\/p>\n\n\n\n<p>11.&nbsp;&nbsp;&nbsp; Dr.sc. Violeta&nbsp;Berlajolli,<\/p>\n\n\n\n<p>12.&nbsp;&nbsp;&nbsp; Dr.sc. Murat Hulaj&nbsp;<\/p>\n\n\n\n<p>13.&nbsp;&nbsp;&nbsp; Msc. Diellza Dresha,&nbsp;<\/p>\n\n\n\n<p>14.&nbsp;&nbsp;&nbsp; Msc. Diellza Taraku,&nbsp;<\/p>\n\n\n\n<p>15.&nbsp;&nbsp;&nbsp; Msc. Egzon Nikqi,&nbsp;<\/p>\n\n\n\n<p>16.&nbsp;&nbsp;&nbsp; Msc. Gresa Ahma&nbsp;<\/p>\n\n\n\n<p>17.&nbsp;&nbsp;&nbsp; Msc. Jetmir Prekalla,&nbsp;<\/p>\n\n\n\n<p>18.&nbsp;&nbsp;&nbsp; Msc. Rinor Krasniqi,&nbsp;<\/p>\n\n\n\n<p>19.&nbsp;&nbsp;&nbsp; Msc. Zenun Krasniqi<\/p>\n\n\n\n<p>20.&nbsp;&nbsp;&nbsp; Msc. Sajmir Dinaj<\/p>\n\n\n\n<p><\/p>\n","protected":false},"excerpt":{"rendered":"<p>Bashk\u00ebpun\u00ebtor\u00ebt e jasht\u00ebm p\u00ebr vitin akademik 2025-2026 1.&nbsp;&nbsp;&nbsp;&nbsp;&nbsp; Prof.Dr. Ilmi Hoxha, 2.&nbsp;&nbsp;&nbsp;&nbsp;&nbsp; Prof.Dr. Renata Kongoli,&nbsp; 3.&nbsp;&nbsp;&nbsp;&nbsp;&nbsp; Prof.Asoc.Dr. Fejzullah Beha, 4.&nbsp;&nbsp;&nbsp;&nbsp;&nbsp; Prof.Asoc.Dr. Laura Naka, 5.&nbsp;&nbsp;&nbsp;&nbsp;&nbsp; Dr.sc. Artur Morina, 6.&nbsp;&nbsp;&nbsp;&nbsp;&nbsp; Dr.sc. Filipos&hellip;<\/p>\n","protected":false},"author":1,"featured_media":0,"parent":0,"menu_order":0,"comment_status":"closed","ping_status":"closed","template":"","meta":{"footnotes":""},"class_list":["post-49310","page","type-page","status-publish","hentry"],"yoast_head":"<!-- This site is optimized with the Yoast SEO Premium plugin v27.2 (Yoast SEO v27.2) - https:\/\/yoast.com\/product\/yoast-seo-premium-wordpress\/ -->\n<title>Bashk\u00ebpun\u00ebtor\u00ebt e Jasht\u00ebm | Fakulteti i Agrobiznesit UNHZ<\/title>\n<meta name=\"description\" content=\"Lista e bashk\u00ebpun\u00ebtor\u00ebve t\u00eb jasht\u00ebm t\u00eb Fakultetit t\u00eb Agrobiznesit n\u00eb Universitetin Haxhi Zeka p\u00ebr vitin akademik 2025-2026 dhe angazhimet akademike.\" \/>\n<meta name=\"robots\" content=\"index, follow, max-snippet:-1, max-image-preview:large, max-video-preview:-1\" \/>\n<link rel=\"canonical\" href=\"https:\/\/unhz.eu\/fakulteti-i-agrobiznesit\/bashkepunetoret-e-jashtem\/\" \/>\n<meta property=\"og:locale\" content=\"sq_AL\" \/>\n<meta property=\"og:type\" content=\"article\" \/>\n<meta property=\"og:title\" content=\"Bashk\u00ebpun\u00ebtor\u00ebt e Jasht\u00ebm\" \/>\n<meta property=\"og:description\" content=\"Lista e bashk\u00ebpun\u00ebtor\u00ebve t\u00eb jasht\u00ebm t\u00eb Fakultetit t\u00eb Agrobiznesit n\u00eb Universitetin Haxhi Zeka p\u00ebr vitin akademik 2025-2026 dhe angazhimet akademike.\" \/>\n<meta property=\"og:url\" content=\"https:\/\/unhz.eu\/fakulteti-i-agrobiznesit\/bashkepunetoret-e-jashtem\/\" \/>\n<meta property=\"og:site_name\" content=\"Fakulteti i Agrobiznesit\" \/>\n<meta property=\"article:modified_time\" content=\"2026-02-06T09:52:20+00:00\" \/>\n<meta name=\"twitter:card\" content=\"summary_large_image\" \/>\n<meta name=\"twitter:label1\" content=\"Est. reading time\" \/>\n\t<meta name=\"twitter:data1\" content=\"1 minut\u00eb\" \/>\n<script type=\"application\/ld+json\" class=\"yoast-schema-graph\">{\"@context\":\"https:\/\/schema.org\",\"@graph\":[{\"@type\":\"WebPage\",\"@id\":\"https:\/\/unhz.eu\/fakulteti-i-agrobiznesit\/bashkepunetoret-e-jashtem\/\",\"url\":\"https:\/\/unhz.eu\/fakulteti-i-agrobiznesit\/bashkepunetoret-e-jashtem\/\",\"name\":\"Bashk\u00ebpun\u00ebtor\u00ebt e Jasht\u00ebm | Fakulteti i Agrobiznesit UNHZ\",\"isPartOf\":{\"@id\":\"https:\/\/unhz.eu\/fakulteti-i-agrobiznesit\/#website\"},\"datePublished\":\"2025-11-11T08:59:46+00:00\",\"dateModified\":\"2026-02-06T09:52:20+00:00\",\"description\":\"Lista e bashk\u00ebpun\u00ebtor\u00ebve t\u00eb jasht\u00ebm t\u00eb Fakultetit t\u00eb Agrobiznesit n\u00eb Universitetin Haxhi Zeka p\u00ebr vitin akademik 2025-2026 dhe angazhimet akademike.\",\"breadcrumb\":{\"@id\":\"https:\/\/unhz.eu\/fakulteti-i-agrobiznesit\/bashkepunetoret-e-jashtem\/#breadcrumb\"},\"inLanguage\":\"sq\",\"potentialAction\":[{\"@type\":\"ReadAction\",\"target\":[\"https:\/\/unhz.eu\/fakulteti-i-agrobiznesit\/bashkepunetoret-e-jashtem\/\"]}]},{\"@type\":\"BreadcrumbList\",\"@id\":\"https:\/\/unhz.eu\/fakulteti-i-agrobiznesit\/bashkepunetoret-e-jashtem\/#breadcrumb\",\"itemListElement\":[{\"@type\":\"ListItem\",\"position\":1,\"name\":\"Home\",\"item\":\"https:\/\/unhz.eu\/fakulteti-i-agrobiznesit\/\"},{\"@type\":\"ListItem\",\"position\":2,\"name\":\"Bashk\u00ebpun\u00ebtor\u00ebt e Jasht\u00ebm\"}]},{\"@type\":\"WebSite\",\"@id\":\"https:\/\/unhz.eu\/fakulteti-i-agrobiznesit\/#website\",\"url\":\"https:\/\/unhz.eu\/fakulteti-i-agrobiznesit\/\",\"name\":\"Fakulteti i Agrobiznesit\",\"description\":\"I dedikuar p\u00ebr cil\u00ebsi standarde dhe suksese\",\"publisher\":{\"@id\":\"https:\/\/unhz.eu\/fakulteti-i-agrobiznesit\/#organization\"},\"potentialAction\":[{\"@type\":\"SearchAction\",\"target\":{\"@type\":\"EntryPoint\",\"urlTemplate\":\"https:\/\/unhz.eu\/fakulteti-i-agrobiznesit\/?s={search_term_string}\"},\"query-input\":{\"@type\":\"PropertyValueSpecification\",\"valueRequired\":true,\"valueName\":\"search_term_string\"}}],\"inLanguage\":\"sq\"},{\"@type\":\"Organization\",\"@id\":\"https:\/\/unhz.eu\/fakulteti-i-agrobiznesit\/#organization\",\"name\":\"Fakulteti i Agrobiznesit\",\"url\":\"https:\/\/unhz.eu\/fakulteti-i-agrobiznesit\/\",\"logo\":{\"@type\":\"ImageObject\",\"inLanguage\":\"sq\",\"@id\":\"https:\/\/unhz.eu\/fakulteti-i-agrobiznesit\/#\/schema\/logo\/image\/\",\"url\":\"https:\/\/unhz.eu\/fakulteti-i-agrobiznesit\/wp-content\/uploads\/sites\/11\/2024\/02\/cropped-logo-1-1-e1713527702695.png\",\"contentUrl\":\"https:\/\/unhz.eu\/fakulteti-i-agrobiznesit\/wp-content\/uploads\/sites\/11\/2024\/02\/cropped-logo-1-1-e1713527702695.png\",\"width\":100,\"height\":100,\"caption\":\"Fakulteti i Agrobiznesit\"},\"image\":{\"@id\":\"https:\/\/unhz.eu\/fakulteti-i-agrobiznesit\/#\/schema\/logo\/image\/\"}}]}<\/script>\n<!-- \/ Yoast SEO Premium plugin. -->","yoast_head_json":{"title":"Bashk\u00ebpun\u00ebtor\u00ebt e Jasht\u00ebm | Fakulteti i Agrobiznesit UNHZ","description":"Lista e bashk\u00ebpun\u00ebtor\u00ebve t\u00eb jasht\u00ebm t\u00eb Fakultetit t\u00eb Agrobiznesit n\u00eb Universitetin Haxhi Zeka p\u00ebr vitin akademik 2025-2026 dhe angazhimet akademike.","robots":{"index":"index","follow":"follow","max-snippet":"max-snippet:-1","max-image-preview":"max-image-preview:large","max-video-preview":"max-video-preview:-1"},"canonical":"https:\/\/unhz.eu\/fakulteti-i-agrobiznesit\/bashkepunetoret-e-jashtem\/","og_locale":"sq_AL","og_type":"article","og_title":"Bashk\u00ebpun\u00ebtor\u00ebt e Jasht\u00ebm","og_description":"Lista e bashk\u00ebpun\u00ebtor\u00ebve t\u00eb jasht\u00ebm t\u00eb Fakultetit t\u00eb Agrobiznesit n\u00eb Universitetin Haxhi Zeka p\u00ebr vitin akademik 2025-2026 dhe angazhimet akademike.","og_url":"https:\/\/unhz.eu\/fakulteti-i-agrobiznesit\/bashkepunetoret-e-jashtem\/","og_site_name":"Fakulteti i Agrobiznesit","article_modified_time":"2026-02-06T09:52:20+00:00","twitter_card":"summary_large_image","twitter_misc":{"Est. reading time":"1 minut\u00eb"},"schema":{"@context":"https:\/\/schema.org","@graph":[{"@type":"WebPage","@id":"https:\/\/unhz.eu\/fakulteti-i-agrobiznesit\/bashkepunetoret-e-jashtem\/","url":"https:\/\/unhz.eu\/fakulteti-i-agrobiznesit\/bashkepunetoret-e-jashtem\/","name":"Bashk\u00ebpun\u00ebtor\u00ebt e Jasht\u00ebm | Fakulteti i Agrobiznesit UNHZ","isPartOf":{"@id":"https:\/\/unhz.eu\/fakulteti-i-agrobiznesit\/#website"},"datePublished":"2025-11-11T08:59:46+00:00","dateModified":"2026-02-06T09:52:20+00:00","description":"Lista e bashk\u00ebpun\u00ebtor\u00ebve t\u00eb jasht\u00ebm t\u00eb Fakultetit t\u00eb Agrobiznesit n\u00eb Universitetin Haxhi Zeka p\u00ebr vitin akademik 2025-2026 dhe angazhimet akademike.","breadcrumb":{"@id":"https:\/\/unhz.eu\/fakulteti-i-agrobiznesit\/bashkepunetoret-e-jashtem\/#breadcrumb"},"inLanguage":"sq","potentialAction":[{"@type":"ReadAction","target":["https:\/\/unhz.eu\/fakulteti-i-agrobiznesit\/bashkepunetoret-e-jashtem\/"]}]},{"@type":"BreadcrumbList","@id":"https:\/\/unhz.eu\/fakulteti-i-agrobiznesit\/bashkepunetoret-e-jashtem\/#breadcrumb","itemListElement":[{"@type":"ListItem","position":1,"name":"Home","item":"https:\/\/unhz.eu\/fakulteti-i-agrobiznesit\/"},{"@type":"ListItem","position":2,"name":"Bashk\u00ebpun\u00ebtor\u00ebt e Jasht\u00ebm"}]},{"@type":"WebSite","@id":"https:\/\/unhz.eu\/fakulteti-i-agrobiznesit\/#website","url":"https:\/\/unhz.eu\/fakulteti-i-agrobiznesit\/","name":"Fakulteti i Agrobiznesit","description":"I dedikuar p\u00ebr cil\u00ebsi standarde dhe suksese","publisher":{"@id":"https:\/\/unhz.eu\/fakulteti-i-agrobiznesit\/#organization"},"potentialAction":[{"@type":"SearchAction","target":{"@type":"EntryPoint","urlTemplate":"https:\/\/unhz.eu\/fakulteti-i-agrobiznesit\/?s={search_term_string}"},"query-input":{"@type":"PropertyValueSpecification","valueRequired":true,"valueName":"search_term_string"}}],"inLanguage":"sq"},{"@type":"Organization","@id":"https:\/\/unhz.eu\/fakulteti-i-agrobiznesit\/#organization","name":"Fakulteti i Agrobiznesit","url":"https:\/\/unhz.eu\/fakulteti-i-agrobiznesit\/","logo":{"@type":"ImageObject","inLanguage":"sq","@id":"https:\/\/unhz.eu\/fakulteti-i-agrobiznesit\/#\/schema\/logo\/image\/","url":"https:\/\/unhz.eu\/fakulteti-i-agrobiznesit\/wp-content\/uploads\/sites\/11\/2024\/02\/cropped-logo-1-1-e1713527702695.png","contentUrl":"https:\/\/unhz.eu\/fakulteti-i-agrobiznesit\/wp-content\/uploads\/sites\/11\/2024\/02\/cropped-logo-1-1-e1713527702695.png","width":100,"height":100,"caption":"Fakulteti i Agrobiznesit"},"image":{"@id":"https:\/\/unhz.eu\/fakulteti-i-agrobiznesit\/#\/schema\/logo\/image\/"}}]}},"_links":{"self":[{"href":"https:\/\/unhz.eu\/fakulteti-i-agrobiznesit\/wp-json\/wp\/v2\/pages\/49310","targetHints":{"allow":["GET"]}}],"collection":[{"href":"https:\/\/unhz.eu\/fakulteti-i-agrobiznesit\/wp-json\/wp\/v2\/pages"}],"about":[{"href":"https:\/\/unhz.eu\/fakulteti-i-agrobiznesit\/wp-json\/wp\/v2\/types\/page"}],"author":[{"embeddable":true,"href":"https:\/\/unhz.eu\/fakulteti-i-agrobiznesit\/wp-json\/wp\/v2\/users\/1"}],"replies":[{"embeddable":true,"href":"https:\/\/unhz.eu\/fakulteti-i-agrobiznesit\/wp-json\/wp\/v2\/comments?post=49310"}],"version-history":[{"count":2,"href":"https:\/\/unhz.eu\/fakulteti-i-agrobiznesit\/wp-json\/wp\/v2\/pages\/49310\/revisions"}],"predecessor-version":[{"id":49494,"href":"https:\/\/unhz.eu\/fakulteti-i-agrobiznesit\/wp-json\/wp\/v2\/pages\/49310\/revisions\/49494"}],"wp:attachment":[{"href":"https:\/\/unhz.eu\/fakulteti-i-agrobiznesit\/wp-json\/wp\/v2\/media?parent=49310"}],"curies":[{"name":"wp","href":"https:\/\/api.w.org\/{rel}","templated":true}]}}